Last updated on 2024-07-17 20:56:56 CEST.
Flavor | Version | Tinstall | Tcheck | Ttotal | Status | Flags |
---|---|---|---|---|---|---|
r-devel-linux-x86_64-debian-clang | 1.0.0 | 17.35 | 187.41 | 204.76 | OK | |
r-devel-linux-x86_64-debian-gcc | 1.0.0 | 15.63 | 136.12 | 151.75 | OK | |
r-devel-linux-x86_64-fedora-clang | 1.0.0 | 252.06 | NOTE | |||
r-devel-linux-x86_64-fedora-gcc | 1.0.0 | 244.28 | OK | |||
r-devel-windows-x86_64 | 1.0.0 | 18.00 | 142.00 | 160.00 | OK | |
r-patched-linux-x86_64 | 1.0.0 | 19.86 | 176.21 | 196.07 | OK | |
r-release-linux-x86_64 | 1.0.0 | 19.76 | 176.57 | 196.33 | OK | |
r-release-macos-arm64 | 1.0.0 | 66.00 | OK | |||
r-release-macos-x86_64 | 1.0.0 | 95.00 | OK | |||
r-release-windows-x86_64 | 1.0.0 | 18.00 | 145.00 | 163.00 | OK | |
r-oldrel-macos-arm64 | 1.0.0 | 70.00 | OK | |||
r-oldrel-macos-x86_64 | 1.0.0 | 122.00 | OK | |||
r-oldrel-windows-x86_64 | 1.0.0 | 23.00 | 179.00 | 202.00 | OK |
Version: 1.0.0
Check: package dependencies
Result: NOTE
Imports includes 23 non-default packages.
Importing from so many packages makes the package vulnerable to any of
them becoming unavailable. Move as many as possible to Suggests and
use conditionally.
Flavor: r-devel-linux-x86_64-fedora-clang