Last updated on 2024-03-27 19:56:46 CET.
Flavor | Version | Tinstall | Tcheck | Ttotal | Status | Flags |
---|---|---|---|---|---|---|
r-devel-linux-x86_64-debian-clang | 0.0.61 | 25.82 | 31.48 | 57.30 | OK | |
r-devel-linux-x86_64-debian-gcc | 0.0.61 | 18.93 | 24.48 | 43.41 | OK | |
r-devel-linux-x86_64-fedora-clang | 0.0.61 | 75.74 | NOTE | |||
r-devel-linux-x86_64-fedora-gcc | 0.0.61 | 74.72 | OK | |||
r-devel-windows-x86_64 | 0.0.61 | 19.00 | 69.00 | 88.00 | OK | |
r-patched-linux-x86_64 | 0.0.61 | 22.00 | 29.89 | 51.89 | OK | |
r-release-linux-x86_64 | 0.0.61 | 20.73 | 30.37 | 51.10 | OK | |
r-release-macos-arm64 | 0.0.61 | 25.00 | OK | |||
r-release-macos-x86_64 | 0.0.61 | 37.00 | OK | |||
r-release-windows-x86_64 | 0.0.61 | 22.00 | 72.00 | 94.00 | OK | |
r-oldrel-macos-arm64 | 0.0.61 | 24.00 | OK | |||
r-oldrel-windows-x86_64 | 0.0.61 | 24.00 | 82.00 | 106.00 | OK |
Version: 0.0.61
Check: Rd cross-references
Result: NOTE
Undeclared package ‘data.table’ in Rd xrefs
Flavor: r-devel-linux-x86_64-fedora-clang