CRAN Package Check Results for Package bsearchtools

Last updated on 2022-09-26 21:52:53 CEST.

Flavor Version Tinstall Tcheck Ttotal Status Flags
r-devel-linux-x86_64-debian-clang 0.0.61 25.55 31.46 57.01 OK
r-devel-linux-x86_64-debian-gcc 0.0.61 18.94 24.70 43.64 OK
r-devel-linux-x86_64-fedora-clang 0.0.61 88.18 NOTE
r-devel-linux-x86_64-fedora-gcc 0.0.61 77.74 OK
r-devel-windows-x86_64 0.0.61 40.00 77.00 117.00 OK
r-patched-linux-x86_64 0.0.61 23.16 31.35 54.51 OK
r-release-linux-x86_64 0.0.61 22.95 30.71 53.66 OK
r-release-macos-arm64 0.0.61 23.00 OK
r-release-macos-x86_64 0.0.61 34.00 OK
r-release-windows-x86_64 0.0.61 44.00 80.00 124.00 OK
r-oldrel-macos-arm64 0.0.61 29.00 OK
r-oldrel-macos-x86_64 0.0.61 45.00 OK
r-oldrel-windows-ix86+x86_64 0.0.61 55.00 81.00 136.00 OK

Check Details

Version: 0.0.61
Check: Rd cross-references
Result: NOTE
    Undeclared package ‘data.table’ in Rd xrefs
Flavor: r-devel-linux-x86_64-fedora-clang