Last updated on 2024-07-17 20:56:56 CEST.
Flavor | Version | Tinstall | Tcheck | Ttotal | Status | Flags |
---|---|---|---|---|---|---|
r-devel-linux-x86_64-debian-clang | 0.3.0 | 40.21 | 266.04 | 306.25 | OK | |
r-devel-linux-x86_64-debian-gcc | 0.3.0 | 37.26 | 179.24 | 216.50 | OK | |
r-devel-linux-x86_64-fedora-clang | 0.3.0 | 374.93 | OK | |||
r-devel-linux-x86_64-fedora-gcc | 0.3.0 | 369.38 | OK | |||
r-devel-windows-x86_64 | 0.3.0 | 39.00 | 168.00 | 207.00 | OK | |
r-patched-linux-x86_64 | 0.3.0 | 40.64 | 245.78 | 286.42 | OK | |
r-release-linux-x86_64 | 0.3.0 | 40.87 | 243.62 | 284.49 | OK | |
r-release-macos-arm64 | 0.3.0 | 118.00 | OK | |||
r-release-macos-x86_64 | 0.3.0 | 166.00 | OK | |||
r-release-windows-x86_64 | 0.3.0 | 39.00 | 171.00 | 210.00 | OK | |
r-oldrel-macos-arm64 | 0.3.0 | 138.00 | NOTE | |||
r-oldrel-macos-x86_64 | 0.3.0 | 203.00 | OK | |||
r-oldrel-windows-x86_64 | 0.3.0 | 49.00 | 206.00 | 255.00 | OK |
Version: 0.3.0
Check: installed package size
Result: NOTE
installed size is 5.1Mb
sub-directories of 1Mb or more:
data 4.9Mb
Flavor: r-oldrel-macos-arm64