Last updated on 2024-04-24 20:54:00 CEST.
Flavor | Version | Tinstall | Tcheck | Ttotal | Status | Flags |
---|---|---|---|---|---|---|
r-devel-linux-x86_64-debian-clang | 1.0.5 | 18.73 | 352.69 | 371.42 | NOTE | |
r-devel-linux-x86_64-debian-gcc | 1.0.5 | 13.60 | 255.83 | 269.43 | NOTE | |
r-devel-linux-x86_64-fedora-clang | 1.0.5 | 497.88 | NOTE | |||
r-devel-linux-x86_64-fedora-gcc | 1.0.5 | 468.24 | NOTE | |||
r-devel-windows-x86_64 | 1.0.5 | 19.00 | 385.00 | 404.00 | OK | |
r-patched-linux-x86_64 | 1.0.5 | 26.02 | 342.04 | 368.06 | NOTE | |
r-release-linux-x86_64 | 1.0.5 | 10.40 | 340.36 | 350.76 | NOTE | |
r-release-macos-arm64 | 1.0.5 | 139.00 | OK | |||
r-release-windows-x86_64 | 1.0.5 | 19.00 | 390.00 | 409.00 | OK | |
r-oldrel-macos-arm64 | 1.0.5 | 117.00 | OK | |||
r-oldrel-macos-x86_64 | 1.0.5 | 314.00 | OK | |||
r-oldrel-windows-x86_64 | 1.0.5 | 21.00 | 521.00 | 542.00 | OK |
Version: 1.0.5
Check: package dependencies
Result: NOTE
Package suggested but not available for checking: ‘margins’
Flavors: r-devel-linux-x86_64-debian-clang, r-devel-linux-x86_64-debian-gcc, r-devel-linux-x86_64-fedora-clang, r-devel-linux-x86_64-fedora-gcc, r-patched-linux-x86_64, r-release-linux-x86_64
Version: 1.0.5
Check: Rd cross-references
Result: NOTE
Unknown package ‘margins’ in Rd xrefs
Flavors: r-devel-linux-x86_64-debian-clang, r-devel-linux-x86_64-debian-gcc, r-devel-linux-x86_64-fedora-clang, r-devel-linux-x86_64-fedora-gcc, r-patched-linux-x86_64, r-release-linux-x86_64