Last updated on 2024-04-22 20:53:31 CEST.
Flavor | Version | Tinstall | Tcheck | Ttotal | Status | Flags |
---|---|---|---|---|---|---|
r-devel-linux-x86_64-debian-clang | 0.1.0 | 7.87 | 56.29 | 64.16 | NOTE | |
r-devel-linux-x86_64-debian-gcc | 0.1.0 | 5.55 | 42.94 | 48.49 | NOTE | |
r-devel-linux-x86_64-fedora-clang | 0.1.0 | 83.14 | NOTE | |||
r-devel-linux-x86_64-fedora-gcc | 0.1.0 | 76.53 | NOTE | |||
r-prerel-macos-arm64 | 0.1.0 | 27.00 | NOTE | |||
r-prerel-windows-x86_64 | 0.1.0 | 9.00 | 62.00 | 71.00 | NOTE | |
r-patched-linux-x86_64 | 0.1.0 | 6.34 | 54.60 | 60.94 | NOTE | |
r-release-linux-x86_64 | 0.1.0 | 4.54 | 55.08 | 59.62 | OK | |
r-release-macos-arm64 | 0.1.0 | 26.00 | OK | |||
r-release-macos-x86_64 | 0.1.0 | 40.00 | OK | |||
r-release-windows-x86_64 | 0.1.0 | 10.00 | 71.00 | 81.00 | OK | |
r-oldrel-macos-arm64 | 0.1.0 | 26.00 | NOTE | |||
r-oldrel-windows-x86_64 | 0.1.0 | 11.00 | 70.00 | 81.00 | OK |
Version: 0.1.0
Check: Rd files
Result: NOTE
checkRd: (-1) printHands.Rd:40: Lost braces in \itemize; meant \describe ?
checkRd: (-1) printHands.Rd:41: Lost braces in \itemize; meant \describe ?
checkRd: (-1) printHands.Rd:42: Lost braces in \itemize; meant \describe ?
Flavors: r-devel-linux-x86_64-debian-clang, r-devel-linux-x86_64-debian-gcc, r-devel-linux-x86_64-fedora-clang, r-devel-linux-x86_64-fedora-gcc, r-prerel-macos-arm64, r-prerel-windows-x86_64, r-patched-linux-x86_64
Version: 0.1.0
Check: dependencies in R code
Result: NOTE
Namespace in Imports field not imported from: ‘kableExtra’
All declared Imports should be used.
Flavors: r-devel-linux-x86_64-fedora-clang, r-devel-linux-x86_64-fedora-gcc, r-oldrel-macos-arm64