CRAN Package Check Results for Package bridger

Last updated on 2023-06-01 21:52:49 CEST.

Flavor Version Tinstall Tcheck Ttotal Status Flags
r-devel-linux-x86_64-debian-clang 0.1.0 7.08 56.12 63.20 OK
r-devel-linux-x86_64-debian-gcc 0.1.0 6.58 42.49 49.07 OK
r-devel-linux-x86_64-fedora-clang 0.1.0 80.44 NOTE
r-devel-linux-x86_64-fedora-gcc 0.1.0 73.22 NOTE
r-devel-windows-x86_64 0.1.0 9.00 63.00 72.00 OK
r-patched-linux-x86_64 0.1.0 OK
r-release-linux-x86_64 0.1.0 7.15 51.66 58.81 OK
r-release-macos-arm64 0.1.0 26.00 OK
r-release-macos-x86_64 0.1.0 40.00 OK
r-release-windows-x86_64 0.1.0 11.00 70.00 81.00 OK
r-oldrel-macos-arm64 0.1.0 26.00 NOTE
r-oldrel-macos-x86_64 0.1.0 37.00 NOTE
r-oldrel-windows-x86_64 0.1.0 10.00 69.00 79.00 OK

Check Details

Version: 0.1.0
Check: dependencies in R code
Result: NOTE
    Namespace in Imports field not imported from: ‘kableExtra’
     All declared Imports should be used.
Flavors: r-devel-linux-x86_64-fedora-clang, r-devel-linux-x86_64-fedora-gcc, r-oldrel-macos-arm64, r-oldrel-macos-x86_64