CRAN Package Check Results for Package brandwatchR

Last updated on 2022-09-24 21:50:58 CEST.

Flavor Version Tinstall Tcheck Ttotal Status Flags
r-devel-linux-x86_64-debian-clang 0.3.0 2.23 28.87 31.10 NOTE
r-devel-linux-x86_64-debian-gcc 0.3.0 2.28 22.68 24.96 NOTE
r-devel-linux-x86_64-fedora-clang 0.3.0 49.91 NOTE
r-devel-linux-x86_64-fedora-gcc 0.3.0 48.91 NOTE
r-devel-windows-x86_64 0.3.0 50.00 61.00 111.00 NOTE
r-patched-linux-x86_64 0.3.0 3.70 27.59 31.29 NOTE
r-release-linux-x86_64 0.3.0 1.99 27.51 29.50 NOTE
r-release-macos-arm64 0.3.0 17.00 NOTE
r-release-macos-x86_64 0.3.0 22.00 NOTE
r-release-windows-x86_64 0.3.0 25.00 55.00 80.00 NOTE
r-oldrel-macos-arm64 0.3.0 21.00 NOTE
r-oldrel-macos-x86_64 0.3.0 29.00 NOTE
r-oldrel-windows-ix86+x86_64 0.3.0 6.00 55.00 61.00 NOTE

Check Details

Version: 0.3.0
Check: LazyData
Result: NOTE
     'LazyData' is specified without a 'data' directory
Flavors: r-devel-linux-x86_64-debian-clang, r-devel-linux-x86_64-debian-gcc, r-devel-linux-x86_64-fedora-clang, r-devel-linux-x86_64-fedora-gcc, r-devel-windows-x86_64, r-patched-linux-x86_64, r-release-linux-x86_64, r-release-macos-arm64, r-release-macos-x86_64, r-release-windows-x86_64, r-oldrel-macos-arm64, r-oldrel-macos-x86_64, r-oldrel-windows-ix86+x86_64