CRAN Package Check Results for Package brandwatchR

Last updated on 2023-10-04 20:42:23 CEST.

Flavor Version Tinstall Tcheck Ttotal Status Flags
r-devel-linux-x86_64-debian-clang 0.3.0 3.29 28.83 32.12 NOTE
r-devel-linux-x86_64-debian-gcc 0.3.0 2.71 22.58 25.29 NOTE
r-devel-linux-x86_64-fedora-clang 0.3.0 40.03 NOTE
r-devel-linux-x86_64-fedora-gcc 0.3.0 39.20 NOTE
r-devel-windows-x86_64 0.3.0 5.00 47.00 52.00 NOTE
r-patched-linux-x86_64 0.3.0 3.58 28.28 31.86 NOTE
r-release-linux-x86_64 0.3.0 2.99 28.43 31.42 NOTE
r-release-macos-arm64 0.3.0 19.00 NOTE
r-release-macos-x86_64 0.3.0 24.00 NOTE
r-release-windows-x86_64 0.3.0 5.00 49.00 54.00 NOTE
r-oldrel-macos-arm64 0.3.0 17.00 NOTE
r-oldrel-macos-x86_64 0.3.0 22.00 NOTE
r-oldrel-windows-x86_64 0.3.0 6.00 49.00 55.00 NOTE

Check Details

Version: 0.3.0
Check: LazyData
Result: NOTE
     'LazyData' is specified without a 'data' directory
Flavors: r-devel-linux-x86_64-debian-clang, r-devel-linux-x86_64-debian-gcc, r-devel-linux-x86_64-fedora-clang, r-devel-linux-x86_64-fedora-gcc, r-devel-windows-x86_64, r-patched-linux-x86_64, r-release-linux-x86_64, r-release-macos-arm64, r-release-macos-x86_64, r-release-windows-x86_64, r-oldrel-macos-arm64, r-oldrel-macos-x86_64, r-oldrel-windows-x86_64