CRAN Package Check Results for Package brainGraph

Last updated on 2022-09-24 21:50:58 CEST.

Flavor Version Tinstall Tcheck Ttotal Status Flags
r-devel-linux-x86_64-debian-clang 3.0.0 29.98 158.18 188.16 NOTE
r-devel-linux-x86_64-debian-gcc 3.0.0 23.88 115.29 139.17 NOTE
r-devel-linux-x86_64-fedora-clang 3.0.0 234.48 NOTE
r-devel-linux-x86_64-fedora-gcc 3.0.0 229.24 NOTE
r-devel-windows-x86_64 3.0.0 95.00 186.00 281.00 OK
r-patched-linux-x86_64 3.0.0 35.78 144.96 180.74 NOTE
r-release-linux-x86_64 3.0.0 26.99 143.00 169.99 NOTE
r-release-macos-arm64 3.0.0 59.00 NOTE
r-release-macos-x86_64 3.0.0 78.00 NOTE
r-release-windows-x86_64 3.0.0 136.00 174.00 310.00 OK
r-oldrel-macos-arm64 3.0.0 66.00 NOTE
r-oldrel-macos-x86_64 3.0.0 100.00 OK
r-oldrel-windows-ix86+x86_64 3.0.0 50.00 169.00 219.00 OK

Check Details

Version: 3.0.0
Check: package dependencies
Result: NOTE
    Packages suggested but not available for checking: 'RGtk2', 'cairoDevice'
Flavors: r-devel-linux-x86_64-debian-clang, r-devel-linux-x86_64-debian-gcc, r-devel-linux-x86_64-fedora-clang, r-devel-linux-x86_64-fedora-gcc, r-patched-linux-x86_64, r-release-linux-x86_64, r-release-macos-arm64, r-release-macos-x86_64, r-oldrel-macos-arm64