CRAN Package Check Results for Package bpgmm

Last updated on 2025-07-26 21:49:47 CEST.

Flavor Version Tinstall Tcheck Ttotal Status Flags
r-devel-linux-x86_64-debian-clang 1.0.9 78.98 71.57 150.55 NOTE
r-devel-linux-x86_64-debian-gcc 1.0.9 53.65 48.75 102.40 NOTE
r-devel-linux-x86_64-fedora-clang 1.0.9 253.65 NOTE
r-devel-linux-x86_64-fedora-gcc 1.0.9 243.95 NOTE
r-devel-windows-x86_64 1.0.9 84.00 110.00 194.00 NOTE
r-patched-linux-x86_64 1.0.9 78.47 66.02 144.49 NOTE
r-release-linux-x86_64 1.0.9 76.98 67.13 144.11 NOTE
r-release-macos-arm64 1.0.9 66.00 NOTE
r-release-macos-x86_64 1.0.9 105.00 NOTE
r-release-windows-x86_64 1.0.9 89.00 115.00 204.00 NOTE
r-oldrel-macos-arm64 1.0.9 63.00 NOTE
r-oldrel-macos-x86_64 1.0.9 90.00 NOTE
r-oldrel-windows-x86_64 1.0.9 103.00 138.00 241.00 NOTE

Additional issues

donttest

Check Details

Version: 1.0.9
Check: CRAN incoming feasibility
Result: NOTE Maintainer: ‘Yaoxiang Li <yl814@georgetown.edu>’ No Authors@R field in DESCRIPTION. Please add one, modifying Authors@R: c(person(given = "Xiang", family = "Lu", role = "aut", email = "Xiang_Luaturmc.rochester.edu"), person(given = "Yaoxiang", family = "Li", role = c("aut", "cre"), email = "yl814atgeorgetown.edu"), person(given = "Tanzy", family = "Love", role = "aut", email = "tanzy_loveaturmc.rochester.edu")) as necessary. Flavors: r-devel-linux-x86_64-debian-clang, r-devel-linux-x86_64-debian-gcc

Version: 1.0.9
Check: C++ specification
Result: NOTE Specified C++11: please drop specification unless essential Flavors: r-devel-linux-x86_64-debian-clang, r-devel-linux-x86_64-debian-gcc, r-devel-linux-x86_64-fedora-clang, r-devel-linux-x86_64-fedora-gcc, r-devel-windows-x86_64, r-patched-linux-x86_64, r-release-linux-x86_64, r-release-macos-arm64, r-release-macos-x86_64, r-release-windows-x86_64, r-oldrel-macos-arm64, r-oldrel-macos-x86_64, r-oldrel-windows-x86_64

Version: 1.0.9
Check: installed package size
Result: NOTE installed size is 5.5Mb sub-directories of 1Mb or more: libs 5.3Mb Flavors: r-oldrel-macos-arm64, r-oldrel-macos-x86_64