Last updated on 2025-05-09 20:49:45 CEST.
Flavor | Version | Tinstall | Tcheck | Ttotal | Status | Flags |
---|---|---|---|---|---|---|
r-devel-linux-x86_64-debian-clang | 0.2.0 | 52.68 | 72.33 | 125.01 | NOTE | |
r-devel-linux-x86_64-debian-gcc | 0.2.0 | 34.54 | 54.70 | 89.24 | NOTE | |
r-devel-linux-x86_64-fedora-clang | 0.2.0 | 239.35 | OK | |||
r-devel-linux-x86_64-fedora-gcc | 0.2.0 | 235.38 | OK | |||
r-devel-windows-x86_64 | 0.2.0 | 63.00 | 96.00 | 159.00 | OK | |
r-patched-linux-x86_64 | 0.2.0 | 51.60 | 69.15 | 120.75 | OK | |
r-release-linux-x86_64 | 0.2.0 | 48.64 | 69.90 | 118.54 | OK | |
r-release-macos-arm64 | 0.2.0 | 66.00 | OK | |||
r-release-macos-x86_64 | 0.2.0 | 98.00 | OK | |||
r-release-windows-x86_64 | 0.2.0 | 62.00 | 96.00 | 158.00 | OK | |
r-oldrel-macos-arm64 | 0.2.0 | 68.00 | OK | |||
r-oldrel-macos-x86_64 | 0.2.0 | 82.00 | OK | |||
r-oldrel-windows-x86_64 | 0.2.0 | 70.00 | 122.00 | 192.00 | OK |
Version: 0.2.0
Check: CRAN incoming feasibility
Result: NOTE
Maintainer: ‘Jeffrey A. Boatman <jeffrey.boatman@gmail.com>’
No Authors@R field in DESCRIPTION.
Please add one, modifying
Authors@R: c(person(given = c("Jeffrey", "A."),
family = "Boatman",
role = c("aut", "cre"),
email = "jeffrey.boatman@gmail.com"),
person(given = c("David", "M."),
family = "Vock",
role = "aut"),
person(given = c("Joseph", "S."),
family = "Koopmeiners",
role = "aut"))
as necessary.
Flavors: r-devel-linux-x86_64-debian-clang, r-devel-linux-x86_64-debian-gcc