CRAN Package Check Results for Package bootLR

Last updated on 2025-07-04 20:49:09 CEST.

Flavor Version Tinstall Tcheck Ttotal Status Flags
r-devel-linux-x86_64-debian-clang 1.0.2 2.02 61.68 63.70 NOTE
r-devel-linux-x86_64-debian-gcc 1.0.2 1.52 43.88 45.40 NOTE
r-devel-linux-x86_64-fedora-clang 1.0.2 100.02 OK
r-devel-linux-x86_64-fedora-gcc 1.0.2 100.44 OK
r-devel-windows-x86_64 1.0.2 3.00 84.00 87.00 OK
r-patched-linux-x86_64 1.0.2 1.95 57.17 59.12 OK
r-release-linux-x86_64 1.0.2 1.85 56.92 58.77 OK
r-release-macos-arm64 1.0.2 33.00 OK
r-release-macos-x86_64 1.0.2 99.00 OK
r-release-windows-x86_64 1.0.2 3.00 84.00 87.00 OK
r-oldrel-macos-arm64 1.0.2 36.00 NOTE
r-oldrel-macos-x86_64 1.0.2 81.00 NOTE
r-oldrel-windows-x86_64 1.0.2 3.00 104.00 107.00 NOTE

Check Details

Version: 1.0.2
Check: CRAN incoming feasibility
Result: NOTE Maintainer: ‘Ari B. Friedman <abfriedman@gmail.com>’ No Authors@R field in DESCRIPTION. Please add one, modifying Authors@R: c(person(given = c("Keith", "A."), family = "Marill", role = "aut"), person(given = c("Ari", "B."), family = "Friedman", role = c("aut", "cre"), email = "abfriedman@gmail.com")) as necessary. Flavors: r-devel-linux-x86_64-debian-clang, r-devel-linux-x86_64-debian-gcc

Version: 1.0.2
Check: LazyData
Result: NOTE 'LazyData' is specified without a 'data' directory Flavors: r-oldrel-macos-arm64, r-oldrel-macos-x86_64, r-oldrel-windows-x86_64