Last updated on 2024-04-23 20:51:58 CEST.
Flavor | Version | Tinstall | Tcheck | Ttotal | Status | Flags |
---|---|---|---|---|---|---|
r-devel-linux-x86_64-debian-clang | 0.1.0 | 10.36 | 45.05 | 55.41 | OK | |
r-devel-linux-x86_64-debian-gcc | 0.1.0 | 10.32 | 34.36 | 44.68 | OK | |
r-devel-linux-x86_64-fedora-clang | 0.1.0 | 78.01 | NOTE | |||
r-devel-linux-x86_64-fedora-gcc | 0.1.0 | 89.45 | NOTE | |||
r-prerel-macos-arm64 | 0.1.0 | 33.00 | OK | |||
r-prerel-windows-x86_64 | 0.1.0 | 11.00 | 58.00 | 69.00 | OK | |
r-patched-linux-x86_64 | 0.1.0 | 10.84 | 44.70 | 55.54 | OK | |
r-release-linux-x86_64 | 0.1.0 | 10.94 | 43.18 | 54.12 | OK | |
r-release-macos-arm64 | 0.1.0 | 34.00 | OK | |||
r-release-macos-x86_64 | 0.1.0 | 52.00 | OK | |||
r-release-windows-x86_64 | 0.1.0 | 13.00 | 61.00 | 74.00 | OK | |
r-oldrel-macos-arm64 | 0.1.0 | 27.00 | OK | |||
r-oldrel-windows-x86_64 | 0.1.0 | 14.00 | 63.00 | 77.00 | OK |
Version: 0.1.0
Check: dependencies in R code
Result: NOTE
Namespace in Imports field not imported from: ‘R6’
All declared Imports should be used.
Flavors: r-devel-linux-x86_64-fedora-clang, r-devel-linux-x86_64-fedora-gcc