CRAN Package Check Results for Package bootGOF

Last updated on 2022-10-07 21:51:00 CEST.

Flavor Version Tinstall Tcheck Ttotal Status Flags
r-devel-linux-x86_64-debian-clang 0.1.0 12.13 42.92 55.05 OK
r-devel-linux-x86_64-debian-gcc 0.1.0 11.06 32.25 43.31 OK
r-devel-linux-x86_64-fedora-clang 0.1.0 83.52 NOTE
r-devel-linux-x86_64-fedora-gcc 0.1.0 77.24 NOTE
r-devel-windows-x86_64 0.1.0 26.00 82.00 108.00 OK
r-patched-linux-x86_64 0.1.0 12.78 39.32 52.10 OK
r-release-linux-x86_64 0.1.0 10.80 39.30 50.10 OK
r-release-macos-arm64 0.1.0 24.00 NOTE
r-release-macos-x86_64 0.1.0 34.00 NOTE
r-release-windows-x86_64 0.1.0 32.00 75.00 107.00 OK
r-oldrel-macos-arm64 0.1.0 31.00 NOTE
r-oldrel-macos-x86_64 0.1.0 32.00 NOTE
r-oldrel-windows-ix86+x86_64 0.1.0 21.00 67.00 88.00 OK

Check Details

Version: 0.1.0
Check: dependencies in R code
Result: NOTE
    Namespace in Imports field not imported from: ‘R6’
     All declared Imports should be used.
Flavors: r-devel-linux-x86_64-fedora-clang, r-devel-linux-x86_64-fedora-gcc, r-release-macos-arm64, r-release-macos-x86_64, r-oldrel-macos-arm64, r-oldrel-macos-x86_64