Last updated on 2025-02-21 19:50:21 CET.
Flavor | Version | Tinstall | Tcheck | Ttotal | Status | Flags |
---|---|---|---|---|---|---|
r-devel-linux-x86_64-debian-clang | 0.6 | 2.41 | 99.86 | 102.27 | NOTE | |
r-devel-linux-x86_64-debian-gcc | 0.6 | 1.76 | 63.43 | 65.19 | NOTE | |
r-devel-linux-x86_64-fedora-clang | 0.6 | 164.54 | NOTE | |||
r-devel-linux-x86_64-fedora-gcc | 0.6 | 179.68 | NOTE | |||
r-devel-macos-arm64 | 0.6 | 54.00 | OK | |||
r-devel-macos-x86_64 | 0.6 | 107.00 | NOTE | |||
r-devel-windows-x86_64 | 0.6 | 5.00 | 106.00 | 111.00 | NOTE | |
r-patched-linux-x86_64 | 0.6 | 2.46 | 95.02 | 97.48 | OK | |
r-release-linux-x86_64 | 0.6 | 1.68 | 96.13 | 97.81 | OK | |
r-release-macos-arm64 | 0.6 | 50.00 | OK | |||
r-release-macos-x86_64 | 0.6 | 98.00 | OK | |||
r-release-windows-x86_64 | 0.6 | 5.00 | 105.00 | 110.00 | OK | |
r-oldrel-macos-arm64 | 0.6 | 55.00 | OK | |||
r-oldrel-macos-x86_64 | 0.6 | 115.00 | OK | |||
r-oldrel-windows-x86_64 | 0.6 | 5.00 | 134.00 | 139.00 | OK |
Version: 0.6
Check: DESCRIPTION meta-information
Result: NOTE
Missing dependency on R >= 4.1.0 because package code uses the pipe
|> or function shorthand \(...) syntax added in R 4.1.0.
File(s) using such syntax:
‘summary_to_gt.R’
Flavors: r-devel-linux-x86_64-debian-clang, r-devel-linux-x86_64-debian-gcc, r-devel-linux-x86_64-fedora-clang, r-devel-linux-x86_64-fedora-gcc, r-devel-macos-x86_64, r-devel-windows-x86_64