CRAN Package Check Results for Package bnviewer

Last updated on 2023-01-26 19:49:22 CET.

Flavor Version Tinstall Tcheck Ttotal Status Flags
r-devel-linux-x86_64-debian-clang 0.1.6 5.00 47.40 52.40 NOTE
r-devel-linux-x86_64-debian-gcc 0.1.6 3.47 37.48 40.95 NOTE
r-devel-linux-x86_64-fedora-clang 0.1.6 66.19 NOTE
r-devel-linux-x86_64-fedora-gcc 0.1.6 62.12 NOTE
r-devel-windows-x86_64 0.1.6 11.00 84.00 95.00 NOTE
r-patched-linux-x86_64 0.1.6 4.30 46.70 51.00 NOTE
r-release-linux-x86_64 0.1.6 2.91 46.87 49.78 NOTE
r-release-macos-arm64 0.1.6 25.00 NOTE
r-release-macos-x86_64 0.1.6 41.00 NOTE
r-release-windows-x86_64 0.1.6 10.00 76.00 86.00 NOTE
r-oldrel-macos-arm64 0.1.6 29.00 NOTE
r-oldrel-macos-x86_64 0.1.6 38.00 NOTE
r-oldrel-windows-ix86+x86_64 0.1.6 13.00 147.00 160.00 NOTE

Check Details

Version: 0.1.6
Check: LazyData
Result: NOTE
     'LazyData' is specified without a 'data' directory
Flavors: r-devel-linux-x86_64-debian-clang, r-devel-linux-x86_64-debian-gcc, r-devel-linux-x86_64-fedora-clang, r-devel-linux-x86_64-fedora-gcc, r-devel-windows-x86_64, r-patched-linux-x86_64, r-release-linux-x86_64, r-release-macos-arm64, r-release-macos-x86_64, r-release-windows-x86_64, r-oldrel-macos-arm64, r-oldrel-macos-x86_64, r-oldrel-windows-ix86+x86_64

Version: 0.1.6
Check: dependencies in R code
Result: NOTE
    Namespaces in Imports field not imported from:
     ‘caret’ ‘e1071’
     All declared Imports should be used.
Flavors: r-devel-linux-x86_64-fedora-clang, r-devel-linux-x86_64-fedora-gcc, r-release-macos-arm64, r-release-macos-x86_64, r-oldrel-macos-arm64, r-oldrel-macos-x86_64