Last updated on 2024-07-17 20:56:55 CEST.
Flavor | Version | Tinstall | Tcheck | Ttotal | Status | Flags |
---|---|---|---|---|---|---|
r-devel-linux-x86_64-debian-clang | 0.3.0 | 3.87 | 43.05 | 46.92 | OK | |
r-devel-linux-x86_64-debian-gcc | 0.3.0 | 2.64 | 31.64 | 34.28 | OK | |
r-devel-linux-x86_64-fedora-clang | 0.3.0 | 57.63 | NOTE | |||
r-devel-linux-x86_64-fedora-gcc | 0.3.0 | 58.87 | NOTE | |||
r-devel-windows-x86_64 | 0.3.0 | 5.00 | 55.00 | 60.00 | OK | |
r-patched-linux-x86_64 | 0.3.0 | 2.77 | 41.56 | 44.33 | OK | |
r-release-linux-x86_64 | 0.3.0 | 3.17 | 41.44 | 44.61 | OK | |
r-release-macos-arm64 | 0.3.0 | 23.00 | OK | |||
r-release-macos-x86_64 | 0.3.0 | 39.00 | OK | |||
r-release-windows-x86_64 | 0.3.0 | 5.00 | 57.00 | 62.00 | OK | |
r-oldrel-macos-arm64 | 0.3.0 | 22.00 | OK | |||
r-oldrel-macos-x86_64 | 0.3.0 | 28.00 | OK | |||
r-oldrel-windows-x86_64 | 0.3.0 | 6.00 | 63.00 | 69.00 | OK |
Version: 0.3.0
Check: dependencies in R code
Result: NOTE
Namespaces in Imports field not imported from:
‘Rgraphviz’ ‘fastDummies’
All declared Imports should be used.
Flavors: r-devel-linux-x86_64-fedora-clang, r-devel-linux-x86_64-fedora-gcc