Last updated on 2025-11-22 19:50:23 CET.
| Flavor | Version | Tinstall | Tcheck | Ttotal | Status | Flags |
|---|---|---|---|---|---|---|
| r-devel-linux-x86_64-debian-clang | 0.1.5 | 16.15 | 70.04 | 86.19 | NOTE | |
| r-devel-linux-x86_64-debian-gcc | 0.1.5 | 11.83 | 53.40 | 65.23 | NOTE | |
| r-devel-linux-x86_64-fedora-clang | 0.1.5 | 33.00 | 115.31 | 148.31 | OK | |
| r-devel-windows-x86_64 | 0.1.5 | 24.00 | 92.00 | 116.00 | OK | |
| r-patched-linux-x86_64 | 0.1.5 | 16.55 | 66.78 | 83.33 | OK | |
| r-release-linux-x86_64 | 0.1.5 | 17.59 | 68.37 | 85.96 | OK | |
| r-release-macos-arm64 | 0.1.5 | OK | ||||
| r-release-macos-x86_64 | 0.1.5 | 14.00 | 63.00 | 77.00 | OK | |
| r-release-windows-x86_64 | 0.1.5 | 22.00 | 91.00 | 113.00 | OK | |
| r-oldrel-macos-arm64 | 0.1.5 | OK | ||||
| r-oldrel-macos-x86_64 | 0.1.5 | 13.00 | 46.00 | 59.00 | OK | |
| r-oldrel-windows-x86_64 | 0.1.5 | 28.00 | 118.00 | 146.00 | OK |
Version: 0.1.5
Check: CRAN incoming feasibility
Result: NOTE
Maintainer: ‘Marvin N. Wright <marv@wrig.de>’
No Authors@R field in DESCRIPTION.
Please add one, modifying
Authors@R: person(given = c("Marvin", "N."),
family = "Wright",
role = c("aut", "cre"),
email = "marv@wrig.de")
as necessary.
Flavors: r-devel-linux-x86_64-debian-clang, r-devel-linux-x86_64-debian-gcc