Last updated on 2024-07-17 20:56:55 CEST.
Flavor | Version | Tinstall | Tcheck | Ttotal | Status | Flags |
---|---|---|---|---|---|---|
r-devel-linux-x86_64-debian-clang | 4.9.4 | 65.23 | 130.28 | 195.51 | NOTE | |
r-devel-linux-x86_64-debian-gcc | 4.9.4 | 45.49 | 90.17 | 135.66 | NOTE | |
r-devel-linux-x86_64-fedora-clang | 4.9.4 | 243.47 | NOTE | |||
r-devel-linux-x86_64-fedora-gcc | 4.9.4 | 238.90 | NOTE | |||
r-devel-windows-x86_64 | 4.9.4 | 88.00 | 114.00 | 202.00 | NOTE | |
r-patched-linux-x86_64 | 4.9.4 | 56.18 | 120.19 | 176.37 | OK | |
r-release-linux-x86_64 | 4.9.4 | 53.87 | 122.70 | 176.57 | OK | |
r-release-macos-arm64 | 4.9.4 | 74.00 | OK | |||
r-release-macos-x86_64 | 4.9.4 | 103.00 | OK | |||
r-release-windows-x86_64 | 4.9.4 | 89.00 | 114.00 | 203.00 | OK | |
r-oldrel-macos-arm64 | 4.9.4 | 83.00 | OK | |||
r-oldrel-macos-x86_64 | 4.9.4 | 178.00 | NOTE | |||
r-oldrel-windows-x86_64 | 4.9.4 | 98.00 | 138.00 | 236.00 | OK |
Version: 4.9.4
Check: compiled code
Result: NOTE
File ‘bnlearn/libs/bnlearn.so’:
Found non-API call to R: ‘SET_TYPEOF’
Compiled code should not call non-API entry points in R.
See ‘Writing portable packages’ in the ‘Writing R Extensions’ manual,
and section ‘Moving into C API compliance’ for issues with the use of
non-API entry points.
Flavors: r-devel-linux-x86_64-debian-clang, r-devel-linux-x86_64-debian-gcc, r-devel-linux-x86_64-fedora-clang, r-devel-linux-x86_64-fedora-gcc
Version: 4.9.4
Check: compiled code
Result: NOTE
File 'bnlearn/libs/x64/bnlearn.dll':
Found non-API call to R: 'SET_TYPEOF'
Compiled code should not call non-API entry points in R.
See 'Writing portable packages' in the 'Writing R Extensions' manual,
and section 'Moving into C API compliance' for issues with the use of
non-API entry points.
Flavor: r-devel-windows-x86_64
Version: 4.9.4
Check: installed package size
Result: NOTE
installed size is 5.1Mb
sub-directories of 1Mb or more:
data 2.1Mb
libs 1.7Mb
Flavor: r-oldrel-macos-x86_64