Last updated on 2024-03-28 19:48:26 CET.
Flavor | Version | Tinstall | Tcheck | Ttotal | Status | Flags |
---|---|---|---|---|---|---|
r-devel-linux-x86_64-debian-clang | 4.9.3 | 60.15 | 130.85 | 191.00 | OK | |
r-devel-linux-x86_64-debian-gcc | 4.9.3 | 47.35 | 95.76 | 143.11 | OK | |
r-devel-linux-x86_64-fedora-clang | 4.9.3 | 254.81 | OK | |||
r-devel-linux-x86_64-fedora-gcc | 4.9.3 | 236.54 | OK | |||
r-devel-windows-x86_64 | 4.9.3 | 86.00 | 118.00 | 204.00 | OK | |
r-patched-linux-x86_64 | 4.9.3 | 60.45 | 128.31 | 188.76 | OK | |
r-release-linux-x86_64 | 4.9.3 | 54.59 | 124.29 | 178.88 | OK | |
r-release-macos-arm64 | 4.9.3 | 82.00 | OK | |||
r-release-macos-x86_64 | 4.9.3 | 173.00 | OK | |||
r-release-windows-x86_64 | 4.9.3 | 88.00 | 149.00 | 237.00 | OK | |
r-oldrel-macos-arm64 | 4.9 | 71.00 | OK | |||
r-oldrel-windows-x86_64 | 4.9 | 101.00 | 138.00 | 239.00 | WARN |
Version: 4.9
Check: whether package can be installed
Result: WARN
Found the following significant warnings:
bnlearn/../fitted/fitted.h:63:4: warning: ISO C99 doesn't support unnamed structs/unions [-Wpedantic]
fitted/fitted.h:63:4: warning: ISO C99 doesn't support unnamed structs/unions [-Wpedantic]
inference/loglikelihood/../../fitted/fitted.h:63:4: warning: ISO C99 doesn't support unnamed structs/unions [-Wpedantic]
inference/../fitted/fitted.h:63:4: warning: ISO C99 doesn't support unnamed structs/unions [-Wpedantic]
inference/rinterface/../../fitted/fitted.h:63:4: warning: ISO C99 doesn't support unnamed structs/unions [-Wpedantic]
minimal/../fitted/fitted.h:63:4: warning: ISO C99 doesn't support unnamed structs/unions [-Wpedantic]
predict/../fitted/fitted.h:63:4: warning: ISO C99 doesn't support unnamed structs/unions [-Wpedantic]
sanitization/../fitted/fitted.h:63:4: warning: ISO C99 doesn't support unnamed structs/unions [-Wpedantic]
Flavor: r-oldrel-windows-x86_64