Last updated on 2025-11-19 20:49:47 CET.
| Flavor | Version | Tinstall | Tcheck | Ttotal | Status | Flags |
|---|---|---|---|---|---|---|
| r-devel-linux-x86_64-debian-clang | 2.0.0 | 1229.92 | 188.59 | 1418.51 | NOTE | |
| r-devel-linux-x86_64-debian-gcc | 2.0.0 | 1062.17 | 210.35 | 1272.52 | NOTE | |
| r-devel-linux-x86_64-fedora-clang | 2.0.0 | 2280.00 | -297.28 | 1982.72 | NOTE | |
| r-devel-linux-x86_64-fedora-gcc | 2.0.0 | 3180.00 | -334.13 | 2845.87 | NOTE | |
| r-devel-windows-x86_64 | 2.0.0 | 1211.00 | 280.00 | 1491.00 | NOTE | |
| r-patched-linux-x86_64 | 2.0.0 | 1319.14 | 281.67 | 1600.81 | NOTE | |
| r-release-linux-x86_64 | 2.0.0 | 1325.04 | 287.69 | 1612.73 | NOTE | |
| r-release-macos-arm64 | 2.0.0 | NOTE | ||||
| r-release-macos-x86_64 | 2.0.0 | 492.00 | 133.00 | 625.00 | NOTE | |
| r-release-windows-x86_64 | 2.0.0 | 1131.00 | 270.00 | 1401.00 | NOTE | |
| r-oldrel-macos-arm64 | 2.0.0 | NOTE | ||||
| r-oldrel-macos-x86_64 | 2.0.0 | 185.00 | 69.00 | 254.00 | NOTE | |
| r-oldrel-windows-x86_64 | 2.0.0 | 1391.00 | 351.00 | 1742.00 | NOTE |
Version: 2.0.0
Check: Rd files
Result: NOTE
checkRd: (-1) dot-pred_array_to_df.Rd:20: Lost braces; missing escapes or markup?
20 | Helper function for as.data.frame.{fitted, forecast}. Converts predictive array to data.frame.
| ^
Flavors: r-devel-linux-x86_64-debian-clang, r-devel-linux-x86_64-debian-gcc, r-devel-linux-x86_64-fedora-clang, r-devel-linux-x86_64-fedora-gcc, r-devel-windows-x86_64, r-patched-linux-x86_64, r-release-linux-x86_64, r-release-macos-arm64, r-release-macos-x86_64, r-release-windows-x86_64, r-oldrel-macos-arm64, r-oldrel-macos-x86_64, r-oldrel-windows-x86_64
Version: 2.0.0
Check: Rd \usage sections
Result: NOTE
Error: error in load action .__A__.8 for package bmgarch: (function (ns) : object 'm' not found
Call sequence:
4: stop(gettextf("error in load action %s for package %s: %s: %s",
aname, getPackageName(where), callString, value$message))
3: .doLoadActions(where, attach)
2: methods::cacheMetaData(ns, TRUE, ns)
1: loadNamespace(package, lib.loc)
Execution halted
The \usage entries for S3 methods should use the \method markup and not
their full name.
See chapter ‘Writing R documentation files’ in the ‘Writing R
Extensions’ manual.
Flavor: r-devel-linux-x86_64-debian-gcc
Version: 2.0.0
Check: installed package size
Result: NOTE
installed size is 189.6Mb
sub-directories of 1Mb or more:
libs 188.8Mb
Flavors: r-oldrel-macos-arm64, r-oldrel-macos-x86_64, r-oldrel-windows-x86_64
Version: 2.0.0
Check: for GNU extensions in Makefiles
Result: NOTE
GNU make is a SystemRequirements.
Flavors: r-oldrel-macos-arm64, r-oldrel-macos-x86_64, r-oldrel-windows-x86_64