CRAN Package Check Results for Package bmgarch

Last updated on 2022-09-28 21:51:32 CEST.

Flavor Version Tinstall Tcheck Ttotal Status Flags
r-devel-linux-x86_64-debian-clang 1.1.0 1158.69 169.91 1328.60 NOTE
r-devel-linux-x86_64-debian-gcc 1.1.0 969.72 163.99 1133.71 NOTE
r-devel-linux-x86_64-fedora-clang 1.1.0 1579.28 NOTE
r-devel-linux-x86_64-fedora-gcc 1.1.0 1883.58 NOTE
r-devel-windows-x86_64 1.1.0 623.00 281.00 904.00 NOTE
r-patched-linux-x86_64 1.1.0 673.50 205.76 879.26 NOTE
r-release-linux-x86_64 1.1.0 709.45 207.74 917.19 NOTE
r-release-macos-arm64 1.1.0 452.00 NOTE
r-release-macos-x86_64 1.1.0 713.00 NOTE
r-release-windows-x86_64 1.1.0 623.00 278.00 901.00 NOTE
r-oldrel-macos-arm64 1.1.0 360.00 NOTE
r-oldrel-macos-x86_64 1.1.0 517.00 NOTE
r-oldrel-windows-ix86+x86_64 1.1.0 2232.00 333.00 2565.00 NOTE

Check Details

Version: 1.1.0
Check: for GNU extensions in Makefiles
Result: NOTE
    GNU make is a SystemRequirements.
Flavors: r-devel-linux-x86_64-debian-clang, r-devel-linux-x86_64-debian-gcc, r-devel-linux-x86_64-fedora-clang, r-devel-linux-x86_64-fedora-gcc, r-devel-windows-x86_64, r-patched-linux-x86_64, r-release-linux-x86_64, r-release-macos-arm64, r-release-macos-x86_64, r-release-windows-x86_64, r-oldrel-macos-arm64, r-oldrel-macos-x86_64, r-oldrel-windows-ix86+x86_64

Version: 1.1.0
Check: installed package size
Result: NOTE
     installed size is 11.9Mb
     sub-directories of 1Mb or more:
     libs 11.0Mb
Flavors: r-devel-linux-x86_64-fedora-clang, r-devel-windows-x86_64, r-release-macos-arm64, r-release-macos-x86_64, r-release-windows-x86_64, r-oldrel-macos-arm64, r-oldrel-macos-x86_64, r-oldrel-windows-ix86+x86_64