Last updated on 2025-05-03 21:51:11 CEST.
Flavor | Version | Tinstall | Tcheck | Ttotal | Status | Flags |
---|---|---|---|---|---|---|
r-devel-linux-x86_64-debian-clang | 2.1 | 11.75 | 91.83 | 103.58 | NOTE | |
r-devel-linux-x86_64-debian-gcc | 2.1 | 7.86 | 66.65 | 74.51 | NOTE | |
r-devel-linux-x86_64-fedora-clang | 2.1 | 165.24 | OK | |||
r-devel-linux-x86_64-fedora-gcc | 2.1 | 155.02 | OK | |||
r-devel-windows-x86_64 | 2.1 | 13.00 | 105.00 | 118.00 | NOTE | |
r-patched-linux-x86_64 | 2.1 | 11.68 | 87.71 | 99.39 | NOTE | |
r-release-linux-x86_64 | NOTE | |||||
r-release-macos-arm64 | 2.1 | 50.00 | OK | |||
r-release-macos-x86_64 | 2.1 | 85.00 | OK | |||
r-release-windows-x86_64 | 2.1 | 13.00 | 104.00 | 117.00 | NOTE | |
r-oldrel-macos-arm64 | 2.1 | 48.00 | OK | |||
r-oldrel-macos-x86_64 | 2.1 | 71.00 | OK | |||
r-oldrel-windows-x86_64 | 2.1 | 15.00 | 132.00 | 147.00 | OK |
Version: 2.1
Check: CRAN incoming feasibility
Result: NOTE
Maintainer: ‘Zhiyong Zhang <zhiyongzhang@nd.edu>’
No Authors@R field in DESCRIPTION.
Please add one, modifying
Authors@R: c(person(given = "Zhiyong",
family = "Zhang",
role = c("aut", "cre"),
email = "zhiyongzhang@nd.edu"),
person(given = "Lijuan",
family = "Wang",
role = "aut"))
as necessary.
Flavors: r-devel-linux-x86_64-debian-clang, r-devel-linux-x86_64-debian-gcc
Version: 2.1
Check: Rd cross-references
Result: NOTE
Found the following Rd file(s) with Rd \link{} targets missing package
anchors:
bmem.Rd: sem
bmem.bs.Rd: sem
bmem.em.Rd: sem
bmem.em.boot.Rd: sem
bmem.em.jack.Rd: sem
bmem.list.Rd: sem
bmem.list.boot.Rd: sem
bmem.list.jack.Rd: sem
bmem.mi.Rd: sem
bmem.mi.boot.Rd: sem
bmem.mi.jack.Rd: sem
bmem.pair.Rd: sem
bmem.pair.boot.Rd: sem
bmem.pair.jack.Rd: sem
bmem.sobel.Rd: sem
popPar.Rd: lavaan
power.basic.Rd: model.syntax
power.boot.Rd: model.syntax
power.curve.Rd: model.syntax
summary.power.Rd: lavaan
Please provide package anchors for all Rd \link{} targets not in the
package itself and the base packages.
Flavors: r-devel-linux-x86_64-debian-clang, r-devel-linux-x86_64-debian-gcc, r-devel-windows-x86_64, r-patched-linux-x86_64, r-release-linux-x86_64, r-release-windows-x86_64