CRAN Package Check Results for Package bltm

Last updated on 2022-09-26 21:52:53 CEST.

Flavor Version Tinstall Tcheck Ttotal Status Flags
r-devel-linux-x86_64-debian-clang 0.1.0 2.90 24.92 27.82 NOTE
r-devel-linux-x86_64-debian-gcc 0.1.0 2.27 19.74 22.01 NOTE
r-devel-linux-x86_64-fedora-clang 0.1.0 46.91 NOTE
r-devel-linux-x86_64-fedora-gcc 0.1.0 45.73 NOTE
r-devel-windows-x86_64 0.1.0 11.00 48.00 59.00 NOTE
r-patched-linux-x86_64 0.1.0 2.44 24.27 26.71 NOTE
r-release-linux-x86_64 0.1.0 2.83 24.26 27.09 NOTE
r-release-macos-arm64 0.1.0 17.00 NOTE
r-release-macos-x86_64 0.1.0 22.00 NOTE
r-release-windows-x86_64 0.1.0 9.00 50.00 59.00 NOTE
r-oldrel-macos-arm64 0.1.0 20.00 NOTE
r-oldrel-macos-x86_64 0.1.0 24.00 NOTE
r-oldrel-windows-ix86+x86_64 0.1.0 7.00 47.00 54.00 NOTE

Check Details

Version: 0.1.0
Check: LazyData
Result: NOTE
     'LazyData' is specified without a 'data' directory
Flavors: r-devel-linux-x86_64-debian-clang, r-devel-linux-x86_64-debian-gcc, r-devel-linux-x86_64-fedora-clang, r-devel-linux-x86_64-fedora-gcc, r-devel-windows-x86_64, r-patched-linux-x86_64, r-release-linux-x86_64, r-release-macos-arm64, r-release-macos-x86_64, r-release-windows-x86_64, r-oldrel-macos-arm64, r-oldrel-macos-x86_64, r-oldrel-windows-ix86+x86_64