Last updated on 2024-07-17 20:56:55 CEST.
Flavor | Version | Tinstall | Tcheck | Ttotal | Status | Flags |
---|---|---|---|---|---|---|
r-devel-linux-x86_64-debian-clang | 1.0-2 | 7.26 | 53.55 | 60.81 | OK | |
r-devel-linux-x86_64-debian-gcc | 1.0-2 | 7.04 | 38.26 | 45.30 | OK | |
r-devel-linux-x86_64-fedora-clang | 1.0-2 | 75.69 | NOTE | |||
r-devel-linux-x86_64-fedora-gcc | 1.0-2 | 74.78 | NOTE | |||
r-devel-windows-x86_64 | 1.0-2 | 10.00 | 55.00 | 65.00 | OK | |
r-patched-linux-x86_64 | 1.0-2 | 7.12 | 48.85 | 55.97 | OK | |
r-release-linux-x86_64 | 1.0-2 | 8.07 | 50.37 | 58.44 | OK | |
r-release-macos-arm64 | 1.0-2 | 23.00 | OK | |||
r-release-macos-x86_64 | 1.0-2 | 35.00 | OK | |||
r-release-windows-x86_64 | 1.0-2 | 8.00 | 56.00 | 64.00 | OK | |
r-oldrel-macos-arm64 | 1.0-2 | 27.00 | OK | |||
r-oldrel-macos-x86_64 | 1.0-2 | 36.00 | OK | |||
r-oldrel-windows-x86_64 | 1.0-2 | 10.00 | 61.00 | 71.00 | OK |
Version: 1.0-2
Check: dependencies in R code
Result: NOTE
Namespace in Imports field not imported from: ‘shiny’
All declared Imports should be used.
Flavors: r-devel-linux-x86_64-fedora-clang, r-devel-linux-x86_64-fedora-gcc