Last updated on 2025-11-03 21:50:15 CET.
| Flavor | Version | Tinstall | Tcheck | Ttotal | Status | Flags | 
|---|---|---|---|---|---|---|
| r-devel-linux-x86_64-debian-clang | 1.5 | 1.71 | 20.63 | 22.34 | NOTE | |
| r-devel-linux-x86_64-debian-gcc | 1.5 | 1.42 | 16.62 | 18.04 | NOTE | |
| r-devel-linux-x86_64-fedora-clang | 1.5 | 34.21 | OK | |||
| r-devel-linux-x86_64-fedora-gcc | 1.5 | 30.64 | OK | |||
| r-devel-windows-x86_64 | 1.5 | 3.00 | 40.00 | 43.00 | OK | |
| r-patched-linux-x86_64 | 1.5 | 1.87 | 19.39 | 21.26 | OK | |
| r-release-linux-x86_64 | 1.5 | 1.74 | 19.44 | 21.18 | OK | |
| r-release-macos-arm64 | 1.5 | 1.00 | 15.00 | 16.00 | OK | |
| r-release-macos-x86_64 | 1.5 | 2.00 | 22.00 | 24.00 | OK | |
| r-release-windows-x86_64 | 1.5 | 3.00 | 39.00 | 42.00 | OK | |
| r-oldrel-macos-arm64 | 1.5 | 1.00 | 18.00 | 19.00 | OK | |
| r-oldrel-macos-x86_64 | 1.5 | 2.00 | 20.00 | 22.00 | OK | |
| r-oldrel-windows-x86_64 | 1.5 | 3.00 | 42.00 | 45.00 | OK | 
Version: 1.5
Check: CRAN incoming feasibility
Result: NOTE
  Maintainer: ‘Greg Snow <538280@gmail.com>’
  
  No Authors@R field in DESCRIPTION.
  Please add one, modifying
    Authors@R: person(given = "Greg",
                      family = "Snow",
                      role = c("aut", "cre"),
                      email = "538280@gmail.com")
  as necessary.
Flavors: r-devel-linux-x86_64-debian-clang, r-devel-linux-x86_64-debian-gcc