Last updated on 2025-05-09 20:49:45 CEST.
Flavor | Version | Tinstall | Tcheck | Ttotal | Status | Flags |
---|---|---|---|---|---|---|
r-devel-linux-x86_64-debian-clang | 0.2.6 | 76.35 | 90.45 | 166.80 | NOTE | |
r-devel-linux-x86_64-debian-gcc | 0.2.6 | 53.26 | 81.56 | 134.82 | NOTE | |
r-devel-linux-x86_64-fedora-clang | 0.2.6 | 303.73 | OK | |||
r-devel-linux-x86_64-fedora-gcc | 0.2.6 | 292.19 | OK | |||
r-devel-windows-x86_64 | 0.2.6 | 92.00 | 116.00 | 208.00 | OK | |
r-patched-linux-x86_64 | 0.2.6 | 74.64 | 85.80 | 160.44 | OK | |
r-release-linux-x86_64 | 0.2.6 | 77.90 | 86.84 | 164.74 | OK | |
r-release-macos-arm64 | 0.2.6 | 78.00 | OK | |||
r-release-macos-x86_64 | 0.2.6 | 99.00 | OK | |||
r-release-windows-x86_64 | 0.2.6 | 94.00 | 124.00 | 218.00 | OK | |
r-oldrel-macos-arm64 | 0.2.6 | 73.00 | NOTE | |||
r-oldrel-macos-x86_64 | 0.2.6 | 96.00 | NOTE | |||
r-oldrel-windows-x86_64 | 0.2.6 | 106.00 | 146.00 | 252.00 | OK |
Version: 0.2.6
Check: CRAN incoming feasibility
Result: NOTE
Maintainer: ‘Marvin N. Wright <cran@wrig.de>’
No Authors@R field in DESCRIPTION.
Please add one, modifying
Authors@R: c(person(given = "Roman",
family = "Hornung",
role = "aut"),
person(given = c("Marvin", "N."),
family = "Wright",
role = c("aut", "cre"),
email = "cran@wrig.de"))
as necessary.
Flavors: r-devel-linux-x86_64-debian-clang, r-devel-linux-x86_64-debian-gcc
Version: 0.2.6
Check: installed package size
Result: NOTE
installed size is 7.0Mb
sub-directories of 1Mb or more:
libs 6.6Mb
Flavors: r-oldrel-macos-arm64, r-oldrel-macos-x86_64