Last updated on 2024-04-24 20:54:00 CEST.
Flavor | Version | Tinstall | Tcheck | Ttotal | Status | Flags |
---|---|---|---|---|---|---|
r-devel-linux-x86_64-debian-clang | 0.5.1 | 20.14 | 67.05 | 87.19 | OK | |
r-devel-linux-x86_64-debian-gcc | 0.5.1 | 14.11 | 48.81 | 62.92 | OK | |
r-devel-linux-x86_64-fedora-clang | 0.5.1 | 109.29 | NOTE | |||
r-devel-linux-x86_64-fedora-gcc | 0.5.1 | 127.64 | NOTE | |||
r-devel-windows-x86_64 | 0.5.1 | 18.00 | 71.00 | 89.00 | OK | |
r-patched-linux-x86_64 | 0.5.1 | 15.92 | 61.24 | 77.16 | OK | |
r-release-linux-x86_64 | 0.5.1 | 16.26 | 61.95 | 78.21 | OK | |
r-release-macos-arm64 | 0.5.1 | 56.00 | OK | |||
r-release-windows-x86_64 | 0.5.1 | 17.00 | 71.00 | 88.00 | OK | |
r-oldrel-macos-arm64 | 0.5.1 | 48.00 | NOTE | |||
r-oldrel-macos-x86_64 | 0.5.1 | 80.00 | OK | |||
r-oldrel-windows-x86_64 | 0.5.1 | 21.00 | 83.00 | 104.00 | ERROR |
Version: 0.5.1
Check: dependencies in R code
Result: NOTE
Namespaces in Imports field not imported from:
‘R6’ ‘knitr’
All declared Imports should be used.
Flavors: r-devel-linux-x86_64-fedora-clang, r-devel-linux-x86_64-fedora-gcc, r-oldrel-macos-arm64
Version: 0.5.1
Check: examples
Result: ERROR
Running examples in 'blandr-Ex.R' failed
The error most likely occurred in:
> ### Name: blandr.dataset.fibre
> ### Title: Function to load D'arbela mean velocity of circumferential fibre
> ### shortening dataset from internet
> ### Aliases: blandr.dataset.fibre
>
> ### ** Examples
>
> blandr.dataset.fibre()
Warning in file(con, "r") :
URL 'https://www-users.york.ac.uk/~mb55/datasets/darbela.dct': status was 'Couldn't resolve host name'
Error in file(con, "r") :
cannot open the connection to 'https://www-users.york.ac.uk/~mb55/datasets/darbela.dct'
Calls: blandr.dataset.fibre -> readLines -> file
Execution halted
Flavor: r-oldrel-windows-x86_64