CRAN Package Check Results for Package bitmexr

Last updated on 2022-09-28 21:51:32 CEST.

Flavor Version Tinstall Tcheck Ttotal Status Flags
r-devel-linux-x86_64-debian-clang 0.3.1 9.31 76.01 85.32 ERROR
r-devel-linux-x86_64-debian-gcc 0.3.1 6.78 56.76 63.54 ERROR
r-devel-linux-x86_64-fedora-clang 0.3.1 116.87 ERROR
r-devel-linux-x86_64-fedora-gcc 0.3.1 111.00 ERROR
r-devel-windows-x86_64 0.3.1 12.00 120.00 132.00 ERROR
r-patched-linux-x86_64 0.3.1 9.89 73.11 83.00 NOTE
r-release-linux-x86_64 0.3.1 7.45 72.01 79.46 NOTE
r-release-macos-arm64 0.3.1 46.00 NOTE
r-release-macos-x86_64 0.3.1 75.00 NOTE
r-release-windows-x86_64 0.3.1 88.00 127.00 215.00 NOTE
r-oldrel-macos-arm64 0.3.1 52.00 NOTE
r-oldrel-macos-x86_64 0.3.1 89.00 NOTE
r-oldrel-windows-ix86+x86_64 0.3.1 18.00 117.00 135.00 NOTE

Check Details

Version: 0.3.1
Check: LazyData
Result: NOTE
     'LazyData' is specified without a 'data' directory
Flavors: r-devel-linux-x86_64-debian-clang, r-devel-linux-x86_64-debian-gcc, r-devel-linux-x86_64-fedora-clang, r-devel-linux-x86_64-fedora-gcc, r-devel-windows-x86_64, r-patched-linux-x86_64, r-release-linux-x86_64, r-release-macos-arm64, r-release-macos-x86_64, r-release-windows-x86_64, r-oldrel-macos-arm64, r-oldrel-macos-x86_64, r-oldrel-windows-ix86+x86_64

Version: 0.3.1
Check: re-building of vignette outputs
Result: ERROR
    Error(s) in re-building vignettes:
     ...
    --- re-building 'authentication.Rmd' using rmarkdown
    --- finished re-building 'authentication.Rmd'
    
    --- re-building 'getting-started.Rmd' using rmarkdown
    --- finished re-building 'getting-started.Rmd'
    
    --- re-building 'placing-orders.Rmd' using rmarkdown
    --- finished re-building 'placing-orders.Rmd'
    
    --- re-building 'trade-data.Rmd' using rmarkdown
    
    Attaching package: 'dplyr'
    
    The following object is masked from 'package:testthat':
    
     matches
    
    The following objects are masked from 'package:stats':
    
     filter, lag
    
    The following objects are masked from 'package:base':
    
     intersect, setdiff, setequal, union
    
    Loading required package: lubridate
    
    Attaching package: 'lubridate'
    
    The following objects are masked from 'package:base':
    
     date, intersect, setdiff, union
    
    Loading required package: PerformanceAnalytics
    Loading required package: xts
    Loading required package: zoo
    
    Attaching package: 'zoo'
    
    The following objects are masked from 'package:base':
    
     as.Date, as.Date.numeric
    
    
    Attaching package: 'xts'
    
    The following objects are masked from 'package:dplyr':
    
     first, last
    
    
    Attaching package: 'PerformanceAnalytics'
    
    The following object is masked from 'package:graphics':
    
     legend
    
    Loading required package: quantmod
    Loading required package: TTR
    No encoding supplied: defaulting to UTF-8.
    No encoding supplied: defaulting to UTF-8.
    No encoding supplied: defaulting to UTF-8.
    No encoding supplied: defaulting to UTF-8.
    No encoding supplied: defaulting to UTF-8.
    No encoding supplied: defaulting to UTF-8.
    No encoding supplied: defaulting to UTF-8.
    No encoding supplied: defaulting to UTF-8.
    No encoding supplied: defaulting to UTF-8.
    No encoding supplied: defaulting to UTF-8.
    No encoding supplied: defaulting to UTF-8.
    No encoding supplied: defaulting to UTF-8.
    No encoding supplied: defaulting to UTF-8.
    No encoding supplied: defaulting to UTF-8.
    No encoding supplied: defaulting to UTF-8.
    No encoding supplied: defaulting to UTF-8.
    No encoding supplied: defaulting to UTF-8.
    No encoding supplied: defaulting to UTF-8.
    Quitting from lines 101-109 (trade-data.Rmd)
    Error: processing vignette 'trade-data.Rmd' failed with diagnostics:
    GET https://www.bitmex.com/api/v1/trade?symbol=XBTUSD&count=1000&reverse=false&startTime=2019-05-03%2012%3A01%3A11.665999889373779 (www.bitmex.com/api/v1/trade-cac9bf.json)
    --- failed re-building 'trade-data.Rmd'
    
    SUMMARY: processing the following file failed:
     'trade-data.Rmd'
    
    Error: Vignette re-building failed.
    Execution halted
Flavors: r-devel-linux-x86_64-debian-clang, r-devel-linux-x86_64-debian-gcc

Version: 0.3.1
Check: re-building of vignette outputs
Result: ERROR
    Error(s) in re-building vignettes:
    --- re-building ‘authentication.Rmd’ using rmarkdown
    --- finished re-building ‘authentication.Rmd’
    
    --- re-building ‘getting-started.Rmd’ using rmarkdown
    --- finished re-building ‘getting-started.Rmd’
    
    --- re-building ‘placing-orders.Rmd’ using rmarkdown
    --- finished re-building ‘placing-orders.Rmd’
    
    --- re-building ‘trade-data.Rmd’ using rmarkdown
    
    Attaching package: 'dplyr'
    
    The following object is masked from 'package:testthat':
    
     matches
    
    The following objects are masked from 'package:stats':
    
     filter, lag
    
    The following objects are masked from 'package:base':
    
     intersect, setdiff, setequal, union
    
    Loading required package: lubridate
    
    Attaching package: 'lubridate'
    
    The following objects are masked from 'package:base':
    
     date, intersect, setdiff, union
    
    Loading required package: PerformanceAnalytics
    Loading required package: xts
    Loading required package: zoo
    
    Attaching package: 'zoo'
    
    The following objects are masked from 'package:base':
    
     as.Date, as.Date.numeric
    
    
    Attaching package: 'xts'
    
    The following objects are masked from 'package:dplyr':
    
     first, last
    
    
    Attaching package: 'PerformanceAnalytics'
    
    The following object is masked from 'package:graphics':
    
     legend
    
    Loading required package: quantmod
    Loading required package: TTR
    No encoding supplied: defaulting to UTF-8.
    No encoding supplied: defaulting to UTF-8.
    No encoding supplied: defaulting to UTF-8.
    No encoding supplied: defaulting to UTF-8.
    No encoding supplied: defaulting to UTF-8.
    No encoding supplied: defaulting to UTF-8.
    No encoding supplied: defaulting to UTF-8.
    No encoding supplied: defaulting to UTF-8.
    No encoding supplied: defaulting to UTF-8.
    No encoding supplied: defaulting to UTF-8.
    No encoding supplied: defaulting to UTF-8.
    No encoding supplied: defaulting to UTF-8.
    No encoding supplied: defaulting to UTF-8.
    No encoding supplied: defaulting to UTF-8.
    No encoding supplied: defaulting to UTF-8.
    No encoding supplied: defaulting to UTF-8.
    No encoding supplied: defaulting to UTF-8.
    No encoding supplied: defaulting to UTF-8.
    Quitting from lines 101-109 (trade-data.Rmd)
    Error: processing vignette 'trade-data.Rmd' failed with diagnostics:
    GET https://www.bitmex.com/api/v1/trade?symbol=XBTUSD&count=1000&reverse=false&startTime=2019-05-03%2012%3A01%3A11.665999889373779 (www.bitmex.com/api/v1/trade-cac9bf.json)
    --- failed re-building ‘trade-data.Rmd’
    
    SUMMARY: processing the following file failed:
     ‘trade-data.Rmd’
    
    Error: Vignette re-building failed.
    Execution halted
Flavors: r-devel-linux-x86_64-fedora-clang, r-devel-linux-x86_64-fedora-gcc, r-devel-windows-x86_64