Last updated on 2025-05-09 20:49:45 CEST.
Flavor | Version | Tinstall | Tcheck | Ttotal | Status | Flags |
---|---|---|---|---|---|---|
r-devel-linux-x86_64-debian-clang | 1.0.1 | 6.45 | 70.23 | 76.68 | OK | |
r-devel-linux-x86_64-debian-gcc | 1.0.1 | 4.76 | 49.48 | 54.24 | OK | |
r-devel-linux-x86_64-fedora-clang | 1.0.1 | 116.92 | OK | |||
r-devel-linux-x86_64-fedora-gcc | 1.0.1 | 102.38 | OK | |||
r-devel-windows-x86_64 | 1.0.1 | 7.00 | 73.00 | 80.00 | OK | |
r-patched-linux-x86_64 | 1.0.1 | 7.27 | 61.48 | 68.75 | OK | |
r-release-linux-x86_64 | 1.0.1 | 6.66 | 61.47 | 68.13 | OK | |
r-release-macos-arm64 | 1.0.1 | 51.00 | OK | |||
r-release-macos-x86_64 | 1.0.1 | 68.00 | OK | |||
r-release-windows-x86_64 | 1.0.1 | 8.00 | 76.00 | 84.00 | OK | |
r-oldrel-macos-arm64 | 1.0.1 | 34.00 | NOTE | |||
r-oldrel-macos-x86_64 | 1.0.1 | 62.00 | NOTE | |||
r-oldrel-windows-x86_64 | 1.0.1 | 10.00 | 92.00 | 102.00 | NOTE |
Version: 1.0.1
Check: LazyData
Result: NOTE
'LazyData' is specified without a 'data' directory
Flavors: r-oldrel-macos-arm64, r-oldrel-macos-x86_64, r-oldrel-windows-x86_64