Last updated on 2024-04-18 21:56:45 CEST.
Flavor | Version | Tinstall | Tcheck | Ttotal | Status | Flags |
---|---|---|---|---|---|---|
r-devel-linux-x86_64-debian-clang | 4.2 | 5.15 | 58.86 | 64.01 | NOTE | |
r-devel-linux-x86_64-debian-gcc | 4.2 | 3.03 | 42.84 | 45.87 | NOTE | |
r-devel-linux-x86_64-fedora-clang | 4.2 | 78.21 | NOTE | |||
r-devel-linux-x86_64-fedora-gcc | 4.2 | 87.38 | NOTE | |||
r-prerel-macos-arm64 | 4.2 | 31.00 | NOTE | |||
r-prerel-windows-x86_64 | 4.2 | 6.00 | 66.00 | 72.00 | NOTE | |
r-patched-linux-x86_64 | 4.2 | 4.39 | 55.23 | 59.62 | NOTE | |
r-release-linux-x86_64 | 4.2 | 5.13 | 51.89 | 57.02 | NOTE | |
r-release-macos-arm64 | 4.2 | 31.00 | NOTE | |||
r-release-macos-x86_64 | 4.2 | 50.00 | NOTE | |||
r-release-windows-x86_64 | 4.2 | 6.00 | 72.00 | 78.00 | NOTE | |
r-oldrel-macos-arm64 | 4.2 | 30.00 | OK | |||
r-oldrel-windows-x86_64 | 4.2 | 7.00 | 73.00 | 80.00 | OK |
Version: 4.2
Check: Rd files
Result: NOTE
checkRd: (-1) tocher.Rd:13: Escaped LaTeX specials: \&
Flavors: r-devel-linux-x86_64-debian-clang, r-devel-linux-x86_64-debian-gcc, r-devel-linux-x86_64-fedora-clang, r-devel-linux-x86_64-fedora-gcc, r-prerel-macos-arm64, r-prerel-windows-x86_64, r-patched-linux-x86_64, r-release-linux-x86_64, r-release-macos-arm64, r-release-macos-x86_64, r-release-windows-x86_64