CRAN Package Check Results for Package biosensors.usc

Last updated on 2024-06-12 20:58:50 CEST.

Flavor Version Tinstall Tcheck Ttotal Status Flags
r-devel-linux-x86_64-debian-clang 1.0 47.95 122.93 170.88 OK
r-devel-linux-x86_64-debian-gcc 1.0 0.56 1.87 2.43 ERROR
r-devel-linux-x86_64-fedora-clang 1.0 221.48 NOTE
r-devel-linux-x86_64-fedora-gcc 1.0 229.88 NOTE
r-devel-windows-x86_64 1.0 39.00 119.00 158.00 NOTE
r-patched-linux-x86_64 1.0 34.87 116.28 151.15 OK
r-release-linux-x86_64 1.0 43.72 116.73 160.45 OK
r-release-macos-arm64 1.0 64.00 NOTE
r-release-macos-x86_64 1.0 92.00 NOTE
r-release-windows-x86_64 1.0 41.00 126.00 167.00 NOTE
r-oldrel-macos-arm64 1.0 73.00 NOTE
r-oldrel-macos-x86_64 1.0 118.00 NOTE
r-oldrel-windows-x86_64 1.0 51.00 156.00 207.00 NOTE

Check Details

Version: 1.0
Check: package dependencies
Result: ERROR Package required but not available: ‘fda.usc’ See section ‘The DESCRIPTION file’ in the ‘Writing R Extensions’ manual. Flavor: r-devel-linux-x86_64-debian-gcc

Version: 1.0
Check: installed package size
Result: NOTE installed size is 5.7Mb sub-directories of 1Mb or more: extdata 4.8Mb Flavors: r-devel-linux-x86_64-fedora-clang, r-devel-windows-x86_64, r-release-macos-arm64, r-release-macos-x86_64, r-release-windows-x86_64, r-oldrel-macos-arm64, r-oldrel-macos-x86_64, r-oldrel-windows-x86_64

Version: 1.0
Check: dependencies in R code
Result: NOTE Namespace in Imports field not imported from: ‘Rcpp’ All declared Imports should be used. Flavors: r-devel-linux-x86_64-fedora-clang, r-devel-linux-x86_64-fedora-gcc