Last updated on 2023-06-01 21:52:48 CEST.
Flavor | Version | Tinstall | Tcheck | Ttotal | Status | Flags |
---|---|---|---|---|---|---|
r-devel-linux-x86_64-debian-clang | 1.0 | 47.27 | 123.68 | 170.95 | OK | |
r-devel-linux-x86_64-debian-gcc | 1.0 | 37.27 | 94.23 | 131.50 | OK | |
r-devel-linux-x86_64-fedora-clang | 1.0 | 223.27 | NOTE | |||
r-devel-linux-x86_64-fedora-gcc | 1.0 | 239.36 | NOTE | |||
r-devel-windows-x86_64 | 1.0 | 39.00 | 126.00 | 165.00 | NOTE | |
r-patched-linux-x86_64 | 1.0 | OK | ||||
r-release-linux-x86_64 | 1.0 | 36.01 | 116.90 | 152.91 | OK | |
r-release-macos-arm64 | 1.0 | 73.00 | NOTE | |||
r-release-macos-x86_64 | 1.0 | 118.00 | NOTE | |||
r-release-windows-x86_64 | 1.0 | 51.00 | 153.00 | 204.00 | NOTE | |
r-oldrel-macos-arm64 | 1.0 | 67.00 | NOTE | |||
r-oldrel-macos-x86_64 | 1.0 | 93.00 | NOTE | |||
r-oldrel-windows-x86_64 | 1.0 | 50.00 | 149.00 | 199.00 | NOTE |
Version: 1.0
Check: installed package size
Result: NOTE
installed size is 5.7Mb
sub-directories of 1Mb or more:
extdata 4.8Mb
Flavors: r-devel-linux-x86_64-fedora-clang, r-devel-windows-x86_64, r-release-macos-arm64, r-release-macos-x86_64, r-release-windows-x86_64, r-oldrel-macos-arm64, r-oldrel-macos-x86_64, r-oldrel-windows-x86_64
Version: 1.0
Check: dependencies in R code
Result: NOTE
Namespace in Imports field not imported from: ‘Rcpp’
All declared Imports should be used.
Flavors: r-devel-linux-x86_64-fedora-clang, r-devel-linux-x86_64-fedora-gcc, r-oldrel-macos-arm64, r-oldrel-macos-x86_64