Last updated on 2024-03-27 19:56:46 CET.
Flavor | Version | Tinstall | Tcheck | Ttotal | Status | Flags |
---|---|---|---|---|---|---|
r-devel-linux-x86_64-debian-clang | 1.2.0 | 6.83 | 24.18 | 31.01 | NOTE | |
r-devel-linux-x86_64-debian-gcc | 1.2.0 | 6.37 | 19.19 | 25.56 | NOTE | |
r-devel-linux-x86_64-fedora-clang | 1.2.0 | 39.60 | NOTE | |||
r-devel-linux-x86_64-fedora-gcc | 1.2.0 | 41.68 | NOTE | |||
r-devel-windows-x86_64 | 1.2.0 | 12.00 | 37.00 | 49.00 | NOTE | |
r-patched-linux-x86_64 | 1.2.0 | 7.06 | 24.41 | 31.47 | OK | |
r-release-linux-x86_64 | 1.2.0 | 8.79 | 24.01 | 32.80 | OK | |
r-release-macos-arm64 | 1.2.0 | 18.00 | OK | |||
r-release-macos-x86_64 | 1.2.0 | 26.00 | OK | |||
r-release-windows-x86_64 | 1.2.0 | 10.00 | 38.00 | 48.00 | OK | |
r-oldrel-macos-arm64 | 1.2.0 | 19.00 | OK | |||
r-oldrel-windows-x86_64 | 1.2.0 | 17.00 | 47.00 | 64.00 | OK |
Version: 1.2.0
Check: Rd files
Result: NOTE
checkRd: (-1) simulation.Rd:52-54: Lost braces in \itemize; meant \describe ?
checkRd: (-1) simulation.Rd:55-57: Lost braces in \itemize; meant \describe ?
checkRd: (-1) simulation.Rd:58-59: Lost braces in \itemize; meant \describe ?
checkRd: (-1) simulation.Rd:60-62: Lost braces in \itemize; meant \describe ?
checkRd: (-1) simulation.Rd:63: Lost braces in \itemize; meant \describe ?
checkRd: (-1) simulation.Rd:64: Lost braces in \itemize; meant \describe ?
checkRd: (-1) simulation.Rd:65: Lost braces in \itemize; meant \describe ?
Flavors: r-devel-linux-x86_64-debian-clang, r-devel-linux-x86_64-debian-gcc, r-devel-linux-x86_64-fedora-clang, r-devel-linux-x86_64-fedora-gcc, r-devel-windows-x86_64
Version: 1.2.0
Check: compiled code
Result: NOTE
File ‘bioPN/libs/bioPN.so’:
Found no calls to: ‘R_registerRoutines’, ‘R_useDynamicSymbols’
It is good practice to register native routines and to disable symbol
search.
See ‘Writing portable packages’ in the ‘Writing R Extensions’ manual.
Flavors: r-devel-linux-x86_64-fedora-clang, r-devel-linux-x86_64-fedora-gcc