Last updated on 2023-01-26 19:49:22 CET.
Flavor | Version | Tinstall | Tcheck | Ttotal | Status | Flags |
---|---|---|---|---|---|---|
r-devel-linux-x86_64-debian-clang | 0.2.1 | 17.65 | 166.01 | 183.66 | NOTE | |
r-devel-linux-x86_64-debian-gcc | 0.2.1 | 12.74 | 125.45 | 138.19 | NOTE | |
r-devel-linux-x86_64-fedora-clang | 0.2.1 | 236.14 | NOTE | |||
r-devel-linux-x86_64-fedora-gcc | 0.2.1 | 256.10 | NOTE | |||
r-devel-windows-x86_64 | 0.2.1 | 41.00 | 203.00 | 244.00 | NOTE | |
r-patched-linux-x86_64 | 0.2.1 | 24.79 | 161.13 | 185.92 | NOTE | |
r-release-linux-x86_64 | 0.2.1 | 14.37 | 150.55 | 164.92 | NOTE | |
r-release-macos-arm64 | 0.2.1 | 5.00 | ERROR | |||
r-release-macos-x86_64 | 0.2.1 | 97.00 | NOTE | |||
r-release-windows-x86_64 | 0.2.1 | 36.00 | 193.00 | 229.00 | NOTE | |
r-oldrel-macos-arm64 | 0.2.1 | 9.00 | ERROR | |||
r-oldrel-macos-x86_64 | 0.2.1 | 81.00 | NOTE | |||
r-oldrel-windows-ix86+x86_64 | 0.2.1 | 38.00 | 242.00 | 280.00 | NOTE |
Version: 0.2.1
Check: LazyData
Result: NOTE
'LazyData' is specified without a 'data' directory
Flavors: r-devel-linux-x86_64-debian-clang, r-devel-linux-x86_64-debian-gcc, r-devel-linux-x86_64-fedora-clang, r-devel-linux-x86_64-fedora-gcc, r-devel-windows-x86_64, r-patched-linux-x86_64, r-release-linux-x86_64, r-release-macos-x86_64, r-release-windows-x86_64, r-oldrel-macos-x86_64, r-oldrel-windows-ix86+x86_64
Version: 0.2.1
Check: package dependencies
Result: ERROR
Package required but not available: ‘MEIGOR’
See section ‘The DESCRIPTION file’ in the ‘Writing R Extensions’
manual.
Flavors: r-release-macos-arm64, r-oldrel-macos-arm64