Last updated on 2025-04-14 21:50:40 CEST.
Flavor | Version | Tinstall | Tcheck | Ttotal | Status | Flags |
---|---|---|---|---|---|---|
r-devel-linux-x86_64-debian-clang | 2.4-5 | 54.03 | 176.97 | 231.00 | OK | |
r-devel-linux-x86_64-debian-gcc | 2.4-5 | 37.96 | 115.24 | 153.20 | OK | |
r-devel-linux-x86_64-fedora-clang | 2.4-5 | 403.73 | OK | |||
r-devel-linux-x86_64-fedora-gcc | 2.4-5 | 420.23 | OK | |||
r-devel-windows-x86_64 | 2.4-5 | 59.00 | 241.00 | 300.00 | OK | |
r-patched-linux-x86_64 | 2.4-5 | 55.31 | 168.68 | 223.99 | OK | |
r-release-linux-x86_64 | 2.4-5 | 50.90 | 172.96 | 223.86 | OK | |
r-release-macos-arm64 | 2.4-5 | 95.00 | OK | |||
r-release-macos-x86_64 | 2.4-5 | 274.00 | OK | |||
r-release-windows-x86_64 | 2.4-5 | 60.00 | 241.00 | 301.00 | OK | |
r-oldrel-macos-arm64 | 2.4-5 | 92.00 | NOTE | |||
r-oldrel-macos-x86_64 | 2.4-5 | 260.00 | NOTE | |||
r-oldrel-windows-x86_64 | 2.4-5 | 59.00 | 291.00 | 350.00 | OK |
Version: 2.4-5
Check: installed package size
Result: NOTE
installed size is 6.7Mb
sub-directories of 1Mb or more:
R 1.0Mb
libs 3.0Mb
Flavors: r-oldrel-macos-arm64, r-oldrel-macos-x86_64