Last updated on 2024-04-23 20:51:58 CEST.
Flavor | Version | Tinstall | Tcheck | Ttotal | Status | Flags |
---|---|---|---|---|---|---|
r-devel-linux-x86_64-debian-clang | 2.4-4 | 82.55 | 238.07 | 320.62 | NOTE | |
r-devel-linux-x86_64-debian-gcc | 2.4-4 | 64.05 | 162.33 | 226.38 | NOTE | |
r-devel-linux-x86_64-fedora-clang | 2.4-4 | 410.17 | NOTE | |||
r-devel-linux-x86_64-fedora-gcc | 2.4-4 | 405.52 | NOTE | |||
r-prerel-macos-arm64 | 2.4-4 | 90.00 | NOTE | |||
r-prerel-windows-x86_64 | 2.4-4 | 72.00 | 231.00 | 303.00 | NOTE | |
r-patched-linux-x86_64 | 2.4-4 | 84.42 | 221.93 | 306.35 | NOTE | |
r-release-linux-x86_64 | 2.4-4 | 75.58 | 219.93 | 295.51 | NOTE | |
r-release-macos-arm64 | 2.4-4 | 98.00 | NOTE | |||
r-release-macos-x86_64 | 2.4-4 | 186.00 | NOTE | |||
r-release-windows-x86_64 | 2.4-4 | 69.00 | 289.00 | 358.00 | NOTE | |
r-oldrel-macos-arm64 | 2.4-4 | 89.00 | NOTE | |||
r-oldrel-windows-x86_64 | 2.4-4 | 89.00 | 271.00 | 360.00 | OK |
Version: 2.4-4
Check: package dependencies
Result: NOTE
Package suggested but not available for checking: ‘msa’
Flavors: r-devel-linux-x86_64-debian-clang, r-release-macos-arm64, r-release-macos-x86_64, r-oldrel-macos-arm64
Version: 2.4-4
Check: C++ specification
Result: NOTE
Specified C++11: please drop specification unless essential
Flavors: r-devel-linux-x86_64-debian-clang, r-devel-linux-x86_64-debian-gcc, r-devel-linux-x86_64-fedora-clang, r-devel-linux-x86_64-fedora-gcc, r-prerel-macos-arm64, r-prerel-windows-x86_64, r-patched-linux-x86_64, r-release-linux-x86_64, r-release-macos-arm64, r-release-macos-x86_64, r-release-windows-x86_64
Version: 2.4-4
Check: Rd files
Result: NOTE
checkRd: (-1) aa.index.Rd:14: Lost braces in \enumerate; meant \describe ?
checkRd: (-1) aa.index.Rd:15: Lost braces in \enumerate; meant \describe ?
checkRd: (-1) aa.index.Rd:16: Lost braces in \enumerate; meant \describe ?
checkRd: (-1) aa.index.Rd:17: Lost braces in \enumerate; meant \describe ?
checkRd: (-1) aa.index.Rd:18: Lost braces in \enumerate; meant \describe ?
checkRd: (-1) aa.index.Rd:19: Lost braces in \enumerate; meant \describe ?
checkRd: (-1) aa.index.Rd:20-23: Lost braces in \enumerate; meant \describe ?
checkRd: (-1) aa.index.Rd:24: Lost braces in \enumerate; meant \describe ?
checkRd: (-1) example.data.Rd:33-37: Lost braces in \enumerate; meant \describe ?
checkRd: (-1) example.data.Rd:38-39: Lost braces in \enumerate; meant \describe ?
checkRd: (-1) example.data.Rd:40-41: Lost braces in \enumerate; meant \describe ?
Flavors: r-devel-linux-x86_64-debian-clang, r-devel-linux-x86_64-debian-gcc, r-devel-linux-x86_64-fedora-clang, r-devel-linux-x86_64-fedora-gcc, r-prerel-macos-arm64, r-prerel-windows-x86_64, r-patched-linux-x86_64
Version: 2.4-4
Check: installed package size
Result: NOTE
installed size is 6.3Mb
sub-directories of 1Mb or more:
R 1.1Mb
libs 2.6Mb
Flavors: r-prerel-macos-arm64, r-release-macos-arm64, r-release-macos-x86_64, r-oldrel-macos-arm64