Last updated on 2023-03-21 19:57:06 CET.
Flavor | Version | Tinstall | Tcheck | Ttotal | Status | Flags |
---|---|---|---|---|---|---|
r-devel-linux-x86_64-debian-clang | 2.4-4 | 77.45 | 225.28 | 302.73 | NOTE | |
r-devel-linux-x86_64-debian-gcc | 2.4-4 | 57.91 | 165.85 | 223.76 | NOTE | |
r-devel-linux-x86_64-fedora-clang | 2.4-4 | 427.16 | NOTE | |||
r-devel-linux-x86_64-fedora-gcc | 2.4-4 | 396.69 | NOTE | |||
r-devel-windows-x86_64 | 2.4-4 | 198.00 | 336.00 | 534.00 | NOTE | |
r-patched-linux-x86_64 | 2.4-4 | 75.41 | 205.63 | 281.04 | OK | |
r-release-linux-x86_64 | 2.4-4 | 77.01 | 200.75 | 277.76 | OK | |
r-release-macos-arm64 | 2.4-4 | 97.00 | NOTE | |||
r-release-macos-x86_64 | 2.4-4 | 145.00 | NOTE | |||
r-release-windows-x86_64 | 2.4-4 | 158.00 | 320.00 | 478.00 | OK | |
r-oldrel-macos-arm64 | 2.4-4 | 92.00 | NOTE | |||
r-oldrel-macos-x86_64 | 2.4-4 | 151.00 | NOTE | |||
r-oldrel-windows-ix86+x86_64 | 2.4-4 | 176.00 | 321.00 | 497.00 | NOTE |
Version: 2.4-4
Check: package dependencies
Result: NOTE
Package suggested but not available for checking: ‘msa’
Flavors: r-devel-linux-x86_64-debian-clang, r-devel-linux-x86_64-debian-gcc, r-devel-linux-x86_64-fedora-clang, r-devel-linux-x86_64-fedora-gcc, r-release-macos-arm64, r-release-macos-x86_64, r-oldrel-macos-arm64, r-oldrel-macos-x86_64
Version: 2.4-4
Check: C++ specification
Result: NOTE
Specified C++11: please drop specification unless essential
Flavors: r-devel-linux-x86_64-debian-clang, r-devel-linux-x86_64-debian-gcc, r-devel-linux-x86_64-fedora-clang, r-devel-linux-x86_64-fedora-gcc, r-devel-windows-x86_64
Version: 2.4-4
Check: installed package size
Result: NOTE
installed size is 6.3Mb
sub-directories of 1Mb or more:
libs 2.7Mb
Flavors: r-release-macos-arm64, r-release-macos-x86_64, r-oldrel-macos-arm64, r-oldrel-macos-x86_64, r-oldrel-windows-ix86+x86_64