Last updated on 2024-03-27 19:56:46 CET.
Flavor | Version | Tinstall | Tcheck | Ttotal | Status | Flags |
---|---|---|---|---|---|---|
r-devel-linux-x86_64-debian-clang | 0.0.6 | 3.74 | 59.10 | 62.84 | OK | |
r-devel-linux-x86_64-debian-gcc | 0.0.6 | 2.77 | 46.14 | 48.91 | OK | |
r-devel-linux-x86_64-fedora-clang | 0.0.6 | 79.96 | NOTE | |||
r-devel-linux-x86_64-fedora-gcc | 0.0.6 | 90.34 | OK | |||
r-devel-windows-x86_64 | 0.0.6 | 4.00 | 90.00 | 94.00 | OK | |
r-patched-linux-x86_64 | 0.0.6 | 3.62 | 57.32 | 60.94 | OK | |
r-release-linux-x86_64 | 0.0.6 | 2.25 | 55.95 | 58.20 | OK | |
r-release-macos-arm64 | 0.0.6 | 41.00 | OK | |||
r-release-macos-x86_64 | 0.0.6 | 42.00 | OK | |||
r-release-windows-x86_64 | 0.0.6 | 6.00 | 98.00 | 104.00 | OK | |
r-oldrel-macos-arm64 | 0.0.6 | 35.00 | OK | |||
r-oldrel-windows-x86_64 | 0.0.6 | 5.00 | 100.00 | 105.00 | OK |
Version: 0.0.6
Check: Rd cross-references
Result: NOTE
Undeclared packages ‘tint’, ‘pinp’, ‘linl’ in Rd xrefs
Flavor: r-devel-linux-x86_64-fedora-clang