Last updated on 2024-04-17 20:57:28 CEST.
Flavor | Version | Tinstall | Tcheck | Ttotal | Status | Flags |
---|---|---|---|---|---|---|
r-devel-linux-x86_64-debian-clang | 0.2.3 | 80.96 | 62.92 | 143.88 | OK | |
r-devel-linux-x86_64-debian-gcc | 0.2.3 | 62.32 | 48.58 | 110.90 | OK | |
r-devel-linux-x86_64-fedora-clang | 0.2.3 | 195.08 | OK | |||
r-devel-linux-x86_64-fedora-gcc | 0.2.3 | 200.97 | OK | |||
r-prerel-macos-arm64 | 0.2.3 | 44.00 | NOTE | |||
r-prerel-windows-x86_64 | 0.2.3 | 64.00 | 87.00 | 151.00 | OK | |
r-patched-linux-x86_64 | 0.2.3 | 77.40 | 61.44 | 138.84 | OK | |
r-release-linux-x86_64 | 0.2.3 | 73.62 | 61.58 | 135.20 | OK | |
r-release-macos-arm64 | 0.2.3 | 53.00 | NOTE | |||
r-release-macos-x86_64 | 0.2.3 | 82.00 | NOTE | |||
r-release-windows-x86_64 | 0.2.3 | 80.00 | 107.00 | 187.00 | OK | |
r-oldrel-macos-arm64 | 0.2.3 | 54.00 | NOTE | |||
r-oldrel-windows-x86_64 | 0.2.3 | 74.00 | 103.00 | 177.00 | OK |
Version: 0.2.3
Check: installed package size
Result: NOTE
installed size is 5.6Mb
sub-directories of 1Mb or more:
libs 4.6Mb
Flavors: r-prerel-macos-arm64, r-release-macos-arm64, r-release-macos-x86_64, r-oldrel-macos-arm64