Last updated on 2024-07-17 20:56:55 CEST.
Flavor | Version | Tinstall | Tcheck | Ttotal | Status | Flags |
---|---|---|---|---|---|---|
r-devel-linux-x86_64-debian-clang | 1.5.1 | 20.08 | 95.11 | 115.19 | NOTE | |
r-devel-linux-x86_64-debian-gcc | 1.5.1 | 16.49 | 70.39 | 86.88 | NOTE | |
r-devel-linux-x86_64-fedora-clang | 1.5.1 | 146.29 | NOTE | |||
r-devel-linux-x86_64-fedora-gcc | 1.5.1 | 142.22 | NOTE | |||
r-devel-windows-x86_64 | 1.5.1 | 22.00 | 102.00 | 124.00 | NOTE | |
r-patched-linux-x86_64 | 1.5.1 | 24.29 | 92.31 | 116.60 | OK | |
r-release-linux-x86_64 | 1.5.1 | 19.84 | 88.83 | 108.67 | OK | |
r-release-macos-arm64 | 1.5.1 | 39.00 | OK | |||
r-release-macos-x86_64 | 1.5.1 | 62.00 | OK | |||
r-release-windows-x86_64 | 1.5.1 | 21.00 | 102.00 | 123.00 | OK | |
r-oldrel-macos-arm64 | 1.5.1 | 46.00 | OK | |||
r-oldrel-macos-x86_64 | 1.5.1 | 96.00 | OK | |||
r-oldrel-windows-x86_64 | 1.5.1 | 26.00 | 119.00 | 145.00 | OK |
Version: 1.5.1
Check: compiled code
Result: NOTE
File ‘bigrquery/libs/bigrquery.so’:
Found non-API calls to R: ‘SETLENGTH’, ‘SET_GROWABLE_BIT’,
‘SET_TRUELENGTH’
Compiled code should not call non-API entry points in R.
See ‘Writing portable packages’ in the ‘Writing R Extensions’ manual,
and section ‘Moving into C API compliance’ for issues with the use of
non-API entry points.
Flavors: r-devel-linux-x86_64-debian-clang, r-devel-linux-x86_64-debian-gcc, r-devel-linux-x86_64-fedora-clang, r-devel-linux-x86_64-fedora-gcc
Version: 1.5.1
Check: Rd cross-references
Result: NOTE
Found the following Rd file(s) with Rd \link{} targets missing package
anchors:
DBI.Rd: DBIObject-class, DBIDriver-class, DBIConnection-class,
DBIResult-class
bigquery.Rd: DBIDriver-class, DBIConnection-class
Please provide package anchors for all Rd \link{} targets not in the
package itself and the base packages.
Flavor: r-devel-windows-x86_64
Version: 1.5.1
Check: compiled code
Result: NOTE
File 'bigrquery/libs/x64/bigrquery.dll':
Found non-API calls to R: 'SETLENGTH', 'SET_GROWABLE_BIT',
'SET_TRUELENGTH'
Compiled code should not call non-API entry points in R.
See 'Writing portable packages' in the 'Writing R Extensions' manual,
and section 'Moving into C API compliance' for issues with the use of
non-API entry points.
Flavor: r-devel-windows-x86_64