Last updated on 2024-07-17 20:56:55 CEST.
Flavor | Version | Tinstall | Tcheck | Ttotal | Status | Flags |
---|---|---|---|---|---|---|
r-devel-linux-x86_64-debian-clang | 0.6.4 | 5.89 | 55.31 | 61.20 | NOTE | |
r-devel-linux-x86_64-debian-gcc | 0.6.4 | 4.07 | 41.35 | 45.42 | NOTE | |
r-devel-linux-x86_64-fedora-clang | 0.6.4 | 77.48 | NOTE | |||
r-devel-linux-x86_64-fedora-gcc | 0.6.4 | 76.12 | NOTE | |||
r-devel-windows-x86_64 | 0.6.4 | 5.00 | 63.00 | 68.00 | NOTE | |
r-patched-linux-x86_64 | 0.6.4 | 5.02 | 54.33 | 59.35 | NOTE | |
r-release-linux-x86_64 | 0.6.4 | 5.20 | 53.80 | 59.00 | NOTE | |
r-release-macos-arm64 | 0.6.4 | 26.00 | NOTE | |||
r-release-macos-x86_64 | 0.6.4 | 46.00 | NOTE | |||
r-release-windows-x86_64 | 0.6.4 | 6.00 | 62.00 | 68.00 | NOTE | |
r-oldrel-macos-arm64 | 0.6.4 | 30.00 | NOTE | |||
r-oldrel-macos-x86_64 | 0.6.4 | 40.00 | NOTE | |||
r-oldrel-windows-x86_64 | 0.6.4 | 7.00 | 71.00 | 78.00 | NOTE |
Version: 0.6.4
Check: package dependencies
Result: NOTE
Package suggested but not available for checking: ‘rrelaxiv’
Flavors: r-devel-linux-x86_64-debian-clang, r-devel-linux-x86_64-debian-gcc, r-devel-linux-x86_64-fedora-clang, r-devel-linux-x86_64-fedora-gcc, r-devel-windows-x86_64, r-patched-linux-x86_64, r-release-linux-x86_64, r-release-macos-arm64, r-release-macos-x86_64, r-release-windows-x86_64, r-oldrel-macos-arm64, r-oldrel-macos-x86_64, r-oldrel-windows-x86_64