Last updated on 2025-11-23 20:48:41 CET.
| Flavor | Version | Tinstall | Tcheck | Ttotal | Status | Flags |
|---|---|---|---|---|---|---|
| r-devel-linux-x86_64-debian-clang | 0.0.1 | 20.98 | 31.09 | 52.07 | NOTE | |
| r-devel-linux-x86_64-debian-gcc | 0.0.1 | 17.89 | 24.21 | 42.10 | NOTE | |
| r-devel-linux-x86_64-fedora-clang | 0.0.1 | 46.00 | 45.17 | 91.17 | NOTE | |
| r-devel-windows-x86_64 | 0.0.1 | 36.00 | 64.00 | 100.00 | OK | |
| r-patched-linux-x86_64 | 0.0.1 | 24.38 | 29.27 | 53.65 | OK | |
| r-release-linux-x86_64 | 0.0.1 | 23.11 | 29.18 | 52.29 | OK | |
| r-release-macos-arm64 | 0.0.1 | OK | ||||
| r-release-macos-x86_64 | 0.0.1 | 12.00 | 32.00 | 44.00 | OK | |
| r-release-windows-x86_64 | 0.0.1 | 28.00 | 83.00 | 111.00 | OK | |
| r-oldrel-macos-arm64 | 0.0.1 | OK | ||||
| r-oldrel-macos-x86_64 | 0.0.1 | 11.00 | 25.00 | 36.00 | OK | |
| r-oldrel-windows-x86_64 | 0.0.1 | 34.00 | 79.00 | 113.00 | OK |
Version: 0.0.1
Check: CRAN incoming feasibility
Result: NOTE
Maintainer: ‘Aliasghar Tarkhan <atarkhan@uw.edu>’
The Description field contains
<arXiv:2003.00116v2>.
Please refer to arXiv e-prints via their arXiv DOI <doi:10.48550/arXiv.YYMM.NNNNN>.
Flavors: r-devel-linux-x86_64-debian-clang, r-devel-linux-x86_64-debian-gcc
Version: 0.0.1
Check: dependencies in R code
Result: NOTE
Namespace in Imports field not imported from: ‘survival’
All declared Imports should be used.
Flavor: r-devel-linux-x86_64-fedora-clang