Last updated on 2023-11-30 20:48:30 CET.
Flavor | Version | Tinstall | Tcheck | Ttotal | Status | Flags |
---|---|---|---|---|---|---|
r-devel-linux-x86_64-debian-clang | 0.5.0 | 5.27 | 48.95 | 54.22 | NOTE | |
r-devel-linux-x86_64-debian-gcc | 0.5.0 | 4.25 | 37.33 | 41.58 | NOTE | |
r-devel-linux-x86_64-fedora-clang | 0.5.0 | 74.93 | NOTE | |||
r-devel-linux-x86_64-fedora-gcc | 0.5.0 | 76.37 | NOTE | |||
r-devel-windows-x86_64 | 0.5.0 | 6.00 | 63.00 | 69.00 | NOTE | |
r-patched-linux-x86_64 | 0.5.0 | 6.59 | 46.61 | 53.20 | NOTE | |
r-release-linux-x86_64 | 0.5.0 | 3.63 | 47.10 | 50.73 | NOTE | |
r-release-macos-arm64 | 0.5.0 | 36.00 | NOTE | |||
r-release-macos-x86_64 | 0.5.0 | 54.00 | NOTE | |||
r-release-windows-x86_64 | 0.5.0 | 9.00 | 68.00 | 77.00 | NOTE | |
r-oldrel-macos-arm64 | 0.5.0 | 26.00 | NOTE | |||
r-oldrel-macos-x86_64 | 0.5.0 | 50.00 | NOTE | |||
r-oldrel-windows-x86_64 | 0.5.0 | 8.00 | 65.00 | 73.00 | NOTE |
Version: 0.5.0
Check: Rd files
Result: NOTE
checkRd: (-1) bqr_upload_data.Rd:112: Lost braces
112 | url{https://cloud.google.com/bigquery/loading-data-post-request}
| ^
Flavors: r-devel-linux-x86_64-debian-clang, r-devel-linux-x86_64-debian-gcc
Version: 0.5.0
Check: LazyData
Result: NOTE
'LazyData' is specified without a 'data' directory
Flavors: r-devel-linux-x86_64-debian-clang, r-devel-linux-x86_64-debian-gcc, r-devel-linux-x86_64-fedora-clang, r-devel-linux-x86_64-fedora-gcc, r-devel-windows-x86_64, r-patched-linux-x86_64, r-release-linux-x86_64, r-release-macos-arm64, r-release-macos-x86_64, r-release-windows-x86_64, r-oldrel-macos-arm64, r-oldrel-macos-x86_64, r-oldrel-windows-x86_64
Version: 0.5.0
Check: Rd cross-references
Result: NOTE
Undeclared package ‘bigrquery’ in Rd xrefs
Flavor: r-devel-linux-x86_64-fedora-clang