CRAN Package Check Results for Package bigMap

Last updated on 2022-09-26 21:52:52 CEST.

Flavor Version Tinstall Tcheck Ttotal Status Flags
r-devel-linux-x86_64-debian-clang 2.3.1 66.78 111.18 177.96 NOTE
r-devel-linux-x86_64-debian-gcc 2.3.1 52.68 79.87 132.55 NOTE
r-devel-linux-x86_64-fedora-clang 2.3.1 258.15 NOTE
r-devel-linux-x86_64-fedora-gcc 2.3.1 248.45 NOTE
r-devel-windows-x86_64 2.3.1 68.00 175.00 243.00 NOTE
r-patched-linux-x86_64 2.3.1 60.07 106.98 167.05 NOTE
r-release-linux-x86_64 2.3.1 59.32 110.71 170.03 NOTE
r-release-macos-arm64 2.3.1 58.00 NOTE
r-release-macos-x86_64 2.3.1 77.00 NOTE
r-release-windows-x86_64 2.3.1 70.00 154.00 224.00 NOTE
r-oldrel-macos-arm64 2.3.1 63.00 NOTE
r-oldrel-macos-x86_64 2.3.1 106.00 NOTE
r-oldrel-windows-ix86+x86_64 2.3.1 183.00 181.00 364.00 NOTE

Check Details

Version: 2.3.1
Check: for GNU extensions in Makefiles
Result: NOTE
    GNU make is a SystemRequirements.
Flavors: r-devel-linux-x86_64-debian-clang, r-devel-linux-x86_64-debian-gcc, r-devel-linux-x86_64-fedora-clang, r-devel-linux-x86_64-fedora-gcc, r-devel-windows-x86_64, r-patched-linux-x86_64, r-release-linux-x86_64, r-release-macos-arm64, r-release-macos-x86_64, r-release-windows-x86_64, r-oldrel-macos-arm64, r-oldrel-macos-x86_64, r-oldrel-windows-ix86+x86_64

Version: 2.3.1
Check: installed package size
Result: NOTE
     installed size is 6.3Mb
     sub-directories of 1Mb or more:
     doc 1.8Mb
     extdata 1.9Mb
     libs 2.4Mb
Flavors: r-release-macos-arm64, r-release-macos-x86_64, r-oldrel-macos-arm64, r-oldrel-macos-x86_64, r-oldrel-windows-ix86+x86_64