Last updated on 2024-03-27 19:56:46 CET.
Flavor | Version | Tinstall | Tcheck | Ttotal | Status | Flags |
---|---|---|---|---|---|---|
r-devel-linux-x86_64-debian-clang | 0.5.3 | 20.84 | 152.70 | 173.54 | NOTE | |
r-devel-linux-x86_64-debian-gcc | 0.5.3 | 24.93 | 115.51 | 140.44 | NOTE | |
r-devel-linux-x86_64-fedora-clang | 0.5.3 | 240.73 | NOTE | |||
r-devel-linux-x86_64-fedora-gcc | 0.5.3 | 225.21 | NOTE | |||
r-devel-windows-x86_64 | 0.5.3 | 24.00 | 128.00 | 152.00 | OK | |
r-patched-linux-x86_64 | 0.5.3 | 25.47 | 163.61 | 189.08 | NOTE | |
r-release-linux-x86_64 | 0.5.3 | 23.24 | 162.89 | 186.13 | NOTE | |
r-release-macos-arm64 | 0.5.3 | 77.00 | NOTE | |||
r-release-macos-x86_64 | 0.5.3 | 169.00 | NOTE | |||
r-release-windows-x86_64 | 0.5.3 | 32.00 | 170.00 | 202.00 | NOTE | |
r-oldrel-macos-arm64 | 0.5.3 | 79.00 | NOTE | |||
r-oldrel-windows-x86_64 | 0.5.3 | 34.00 | 173.00 | 207.00 | NOTE |
Version: 0.5.3
Check: package dependencies
Result: NOTE
Package suggested but not available for checking: ‘INLA’
Flavors: r-devel-linux-x86_64-debian-clang, r-devel-linux-x86_64-debian-gcc, r-patched-linux-x86_64, r-release-linux-x86_64, r-release-macos-arm64, r-release-macos-x86_64, r-release-windows-x86_64, r-oldrel-macos-arm64, r-oldrel-windows-x86_64
Version: 0.5.3
Check: data for non-ASCII characters
Result: NOTE
Note: found 940 marked Latin-1 strings
Flavors: r-devel-linux-x86_64-fedora-clang, r-devel-linux-x86_64-fedora-gcc
Version: 0.5.3
Check: installed package size
Result: NOTE
installed size is 5.6Mb
sub-directories of 1Mb or more:
data 5.2Mb
Flavors: r-release-macos-arm64, r-release-macos-x86_64, r-oldrel-macos-arm64