Last updated on 2025-05-03 21:51:11 CEST.
Flavor | Version | Tinstall | Tcheck | Ttotal | Status | Flags |
---|---|---|---|---|---|---|
r-devel-linux-x86_64-debian-clang | 2.0.3.1 | 14.88 | 110.35 | 125.23 | NOTE | |
r-devel-linux-x86_64-debian-gcc | 2.0.3.1 | 10.66 | 74.46 | 85.12 | NOTE | |
r-devel-linux-x86_64-fedora-clang | 2.0.3.1 | 187.25 | OK | |||
r-devel-linux-x86_64-fedora-gcc | 2.0.3.1 | 198.26 | OK | |||
r-devel-windows-x86_64 | 2.0.3.1 | 19.00 | 120.00 | 139.00 | NOTE | |
r-patched-linux-x86_64 | 2.0.3.1 | 13.07 | 104.22 | 117.29 | NOTE | |
r-release-linux-x86_64 | NOTE | |||||
r-release-macos-arm64 | 2.0.3.1 | 52.00 | OK | |||
r-release-macos-x86_64 | 2.0.3.1 | 101.00 | OK | |||
r-release-windows-x86_64 | 2.0.3.1 | 21.00 | 114.00 | 135.00 | NOTE | |
r-oldrel-macos-arm64 | 2.0.3.1 | 49.00 | OK | |||
r-oldrel-macos-x86_64 | 2.0.3.1 | 79.00 | OK | |||
r-oldrel-windows-x86_64 | 2.0.3.1 | 24.00 | 151.00 | 175.00 | OK |
Version: 2.0.3.1
Check: CRAN incoming feasibility
Result: NOTE
Maintainer: ‘Sebastian Kaiser <dr.sebastian.kaiser@gmail.com>’
No Authors@R field in DESCRIPTION.
Please add one, modifying
Authors@R: c(person(given = "Sebastian",
family = "Kaiser",
role = c("aut", "cre"),
email = "dr.sebastian.kaiser@gmail.com"),
person(given = "Rodrigo",
family = "Santamaria",
role = "aut"),
person(given = "Tatsiana",
family = "Khamiakova",
role = "aut"),
person(given = "Martin",
family = "Sill",
role = "aut"),
person(given = "Roberto",
family = "Theron",
role = "aut"),
person(given = "Luis",
family = "Quintales",
role = "aut"),
person(given = "Friedrich",
family = "Leisch",
role = "aut"),
person(given = "Ewoud",
family = "De Troyer",
role = "aut"),
person(given = "Sami",
family = "Leon.",
role = "aut"))
as necessary.
Flavors: r-devel-linux-x86_64-debian-clang, r-devel-linux-x86_64-debian-gcc
Version: 2.0.3.1
Check: Rd cross-references
Result: NOTE
Found the following Rd file(s) with Rd \link{} targets missing package
anchors:
diagnosticTest.Rd: additivityTests
Please provide package anchors for all Rd \link{} targets not in the
package itself and the base packages.
Flavors: r-devel-linux-x86_64-debian-clang, r-devel-linux-x86_64-debian-gcc, r-devel-windows-x86_64, r-patched-linux-x86_64, r-release-linux-x86_64, r-release-windows-x86_64