Last updated on 2024-03-28 19:48:26 CET.
Flavor | Version | Tinstall | Tcheck | Ttotal | Status | Flags |
---|---|---|---|---|---|---|
r-devel-linux-x86_64-debian-clang | 1.1.1 | 6.00 | 56.37 | 62.37 | NOTE | |
r-devel-linux-x86_64-debian-gcc | 1.1.1 | 4.14 | 43.55 | 47.69 | NOTE | |
r-devel-linux-x86_64-fedora-clang | 1.1.1 | 79.04 | NOTE | |||
r-devel-linux-x86_64-fedora-gcc | 1.1.1 | 88.13 | NOTE | |||
r-devel-windows-x86_64 | 1.1.1 | 6.00 | 60.00 | 66.00 | NOTE | |
r-patched-linux-x86_64 | 1.1.1 | 6.08 | 56.25 | 62.33 | NOTE | |
r-release-linux-x86_64 | 1.1.1 | 6.27 | 53.55 | 59.82 | NOTE | |
r-release-macos-arm64 | 1.1.1 | 40.00 | NOTE | |||
r-release-macos-x86_64 | 1.1.1 | 56.00 | NOTE | |||
r-release-windows-x86_64 | 1.1.1 | 8.00 | 68.00 | 76.00 | NOTE | |
r-oldrel-macos-arm64 | 1.1.1 | 34.00 | NOTE | |||
r-oldrel-windows-x86_64 | 1.1.1 | 8.00 | 75.00 | 83.00 | NOTE |
Version: 1.1.1
Check: LazyData
Result: NOTE
'LazyData' is specified without a 'data' directory
Flavors: r-devel-linux-x86_64-debian-clang, r-devel-linux-x86_64-debian-gcc, r-devel-linux-x86_64-fedora-clang, r-devel-linux-x86_64-fedora-gcc, r-devel-windows-x86_64, r-patched-linux-x86_64, r-release-linux-x86_64, r-release-macos-arm64, r-release-macos-x86_64, r-release-windows-x86_64, r-oldrel-macos-arm64, r-oldrel-windows-x86_64