Last updated on 2024-07-17 20:56:55 CEST.
Flavor | Version | Tinstall | Tcheck | Ttotal | Status | Flags |
---|---|---|---|---|---|---|
r-devel-linux-x86_64-debian-clang | 1.1-2 | 6.34 | 76.86 | 83.20 | OK | |
r-devel-linux-x86_64-debian-gcc | 1.1-2 | 7.23 | 56.51 | 63.74 | OK | |
r-devel-linux-x86_64-fedora-clang | 1.1-2 | 104.30 | OK | |||
r-devel-linux-x86_64-fedora-gcc | 1.1-2 | 102.51 | OK | |||
r-devel-windows-x86_64 | 1.1-2 | 7.00 | 88.00 | 95.00 | OK | |
r-patched-linux-x86_64 | 1.1-2 | 8.29 | 72.92 | 81.21 | OK | |
r-release-linux-x86_64 | 1.1-2 | 7.79 | 73.11 | 80.90 | OK | |
r-release-macos-arm64 | 1.1-2 | 40.00 | OK | |||
r-release-macos-x86_64 | 1.1-2 | 74.00 | OK | |||
r-release-windows-x86_64 | 1.1-2 | 8.00 | 90.00 | 98.00 | OK | |
r-oldrel-macos-arm64 | 1.1-2 | 43.00 | OK | |||
r-oldrel-macos-x86_64 | 1.1-2 | 71.00 | OK | |||
r-oldrel-windows-x86_64 | 1.1-2 | 10.00 | 107.00 | 117.00 | WARN |
Version: 1.1-2
Check: examples
Result: WARN
Found the following significant warnings:
Warning: 'adonis' is deprecated.
Warning: 'adonis' is deprecated.
Warning: 'adonis' is deprecated.
Warning: 'adonis' is deprecated.
Warning: 'adonis' is deprecated.
Deprecated functions may be defunct as soon as of the next release of
R.
See ?Deprecated.
Flavor: r-oldrel-windows-x86_64