Last updated on 2024-04-23 20:51:58 CEST.
Flavor | Version | Tinstall | Tcheck | Ttotal | Status | Flags |
---|---|---|---|---|---|---|
r-devel-linux-x86_64-debian-clang | 1.0.7 | 419.96 | 100.35 | 520.31 | NOTE | |
r-devel-linux-x86_64-debian-gcc | 1.0.7 | 408.04 | 114.78 | 522.82 | NOTE | |
r-devel-linux-x86_64-fedora-clang | 1.0.7 | 691.16 | NOTE | |||
r-devel-linux-x86_64-fedora-gcc | 1.0.7 | 923.96 | NOTE | |||
r-prerel-macos-arm64 | 1.0.7 | 158.00 | NOTE | |||
r-prerel-windows-x86_64 | 1.0.7 | 363.00 | 143.00 | 506.00 | NOTE | |
r-patched-linux-x86_64 | 1.0.7 | 494.52 | 148.14 | 642.66 | NOTE | |
r-release-linux-x86_64 | 1.0.7 | 495.89 | 147.19 | 643.08 | NOTE | |
r-release-macos-arm64 | 1.0.7 | 175.00 | NOTE | |||
r-release-macos-x86_64 | 1.0.7 | 291.00 | NOTE | |||
r-release-windows-x86_64 | 1.0.7 | 493.00 | 175.00 | 668.00 | NOTE | |
r-oldrel-macos-arm64 | 1.0.7 | 154.00 | NOTE | |||
r-oldrel-windows-x86_64 | 1.0.7 | 513.00 | 157.00 | 670.00 | OK |
Version: 1.0.7
Check: C++ specification
Result: NOTE
Specified C++11: please drop specification unless essential
Flavors: r-devel-linux-x86_64-debian-clang, r-devel-linux-x86_64-debian-gcc, r-devel-linux-x86_64-fedora-clang, r-devel-linux-x86_64-fedora-gcc, r-prerel-macos-arm64, r-prerel-windows-x86_64, r-patched-linux-x86_64, r-release-linux-x86_64, r-release-macos-arm64, r-release-macos-x86_64, r-release-windows-x86_64
Version: 1.0.7
Check: Rd files
Result: NOTE
checkRd: (-1) gen.data.Rd:42: Lost braces
42 | code{cortype = 2} denotes the constant structure, where the \eqn{(i,j)} entry of covariance
| ^
Flavors: r-devel-linux-x86_64-debian-clang, r-devel-linux-x86_64-debian-gcc, r-devel-linux-x86_64-fedora-clang, r-devel-linux-x86_64-fedora-gcc, r-prerel-macos-arm64, r-prerel-windows-x86_64, r-patched-linux-x86_64
Version: 1.0.7
Check: installed package size
Result: NOTE
installed size is 63.9Mb
sub-directories of 1Mb or more:
data 2.7Mb
libs 60.7Mb
Flavors: r-prerel-macos-arm64, r-release-macos-arm64, r-release-macos-x86_64, r-oldrel-macos-arm64