CRAN Package Check Results for Package benchr

Last updated on 2022-09-26 21:52:52 CEST.

Flavor Version Tinstall Tcheck Ttotal Status Flags
r-devel-linux-x86_64-debian-clang 0.2.5 24.18 42.60 66.78 NOTE
r-devel-linux-x86_64-debian-gcc 0.2.5 17.86 32.80 50.66 NOTE
r-devel-linux-x86_64-fedora-clang 0.2.5 110.65 NOTE
r-devel-linux-x86_64-fedora-gcc 0.2.5 98.96 NOTE
r-devel-windows-x86_64 0.2.5 27.00 89.00 116.00 NOTE
r-patched-linux-x86_64 0.2.5 22.61 40.28 62.89 NOTE
r-release-linux-x86_64 0.2.5 22.91 40.59 63.50 NOTE
r-release-macos-arm64 0.2.5 29.00 NOTE
r-release-macos-x86_64 0.2.5 49.00 NOTE
r-release-windows-x86_64 0.2.5 61.00 91.00 152.00 NOTE
r-oldrel-macos-arm64 0.2.5 33.00 NOTE
r-oldrel-macos-x86_64 0.2.5 70.00 NOTE
r-oldrel-windows-ix86+x86_64 0.2.5 64.00 127.00 191.00 NOTE

Check Details

Version: 0.2.5
Check: LazyData
Result: NOTE
     'LazyData' is specified without a 'data' directory
Flavors: r-devel-linux-x86_64-debian-clang, r-devel-linux-x86_64-debian-gcc, r-devel-linux-x86_64-fedora-clang, r-devel-linux-x86_64-fedora-gcc, r-devel-windows-x86_64, r-patched-linux-x86_64, r-release-linux-x86_64, r-release-macos-arm64, r-release-macos-x86_64, r-release-windows-x86_64, r-oldrel-macos-arm64, r-oldrel-macos-x86_64, r-oldrel-windows-ix86+x86_64