CRAN Package Check Results for Package bellreg

Last updated on 2022-10-05 21:53:28 CEST.

Flavor Version Tinstall Tcheck Ttotal Status Flags
r-devel-linux-x86_64-debian-clang 0.0.1 226.87 117.45 344.32 NOTE
r-devel-linux-x86_64-debian-gcc 0.0.1 221.55 96.20 317.75 NOTE
r-devel-linux-x86_64-fedora-clang 0.0.1 446.71 NOTE
r-devel-linux-x86_64-fedora-gcc 0.0.1 560.39 NOTE
r-devel-windows-x86_64 0.0.1 171.00 177.00 348.00 NOTE
r-patched-linux-x86_64 0.0.1 178.55 123.10 301.65 NOTE
r-release-linux-x86_64 0.0.1 175.47 122.28 297.75 NOTE
r-release-macos-arm64 0.0.1 130.00 NOTE
r-release-macos-x86_64 0.0.1 230.00 NOTE
r-release-windows-x86_64 0.0.1 278.00 178.00 456.00 NOTE
r-oldrel-macos-arm64 0.0.1 148.00 NOTE
r-oldrel-macos-x86_64 0.0.1 264.00 NOTE
r-oldrel-windows-ix86+x86_64 0.0.1 535.00 227.00 762.00 NOTE

Check Details

Version: 0.0.1
Check: for GNU extensions in Makefiles
Result: NOTE
    GNU make is a SystemRequirements.
Flavors: r-devel-linux-x86_64-debian-clang, r-devel-linux-x86_64-debian-gcc, r-devel-linux-x86_64-fedora-clang, r-devel-linux-x86_64-fedora-gcc, r-devel-windows-x86_64, r-patched-linux-x86_64, r-release-linux-x86_64, r-release-macos-arm64, r-release-macos-x86_64, r-release-windows-x86_64, r-oldrel-macos-arm64, r-oldrel-macos-x86_64, r-oldrel-windows-ix86+x86_64

Version: 0.0.1
Check: dependencies in R code
Result: NOTE
    Namespace in Imports field not imported from: ‘rstantools’
     All declared Imports should be used.
Flavors: r-devel-linux-x86_64-fedora-clang, r-devel-linux-x86_64-fedora-gcc, r-release-macos-arm64, r-release-macos-x86_64, r-oldrel-macos-arm64, r-oldrel-macos-x86_64

Version: 0.0.1
Check: installed package size
Result: NOTE
     installed size is 42.6Mb
     sub-directories of 1Mb or more:
     libs 42.3Mb
Flavors: r-release-macos-arm64, r-release-macos-x86_64, r-oldrel-macos-arm64, r-oldrel-macos-x86_64, r-oldrel-windows-ix86+x86_64