Last updated on 2025-11-02 23:49:31 CET.
| Flavor | Version | Tinstall | Tcheck | Ttotal | Status | Flags |
|---|---|---|---|---|---|---|
| r-devel-linux-x86_64-debian-clang | 1.5.3 | 37.24 | 69.96 | 107.20 | NOTE | |
| r-devel-linux-x86_64-debian-gcc | 1.5.3 | 20.72 | 49.86 | 70.58 | NOTE | |
| r-devel-linux-x86_64-fedora-clang | 1.5.3 | 147.00 | 56.71 | 203.71 | OK | |
| r-devel-linux-x86_64-fedora-gcc | 1.5.3 | 68.00 | 112.05 | 180.05 | OK | |
| r-devel-windows-x86_64 | 1.5.3 | 44.00 | 92.00 | 136.00 | OK | |
| r-patched-linux-x86_64 | 1.5.3 | 33.95 | 65.61 | 99.56 | OK | |
| r-release-linux-x86_64 | 1.5.3 | 34.03 | 66.99 | 101.02 | OK | |
| r-release-macos-arm64 | 1.5.3 | 14.00 | 47.00 | 61.00 | OK | |
| r-release-macos-x86_64 | 1.5.3 | 18.00 | 94.00 | 112.00 | OK | |
| r-release-windows-x86_64 | 1.5.3 | 42.00 | 90.00 | 132.00 | OK | |
| r-oldrel-macos-arm64 | 1.5.3 | 11.00 | 40.00 | 51.00 | OK | |
| r-oldrel-macos-x86_64 | 1.5.3 | 18.00 | 101.00 | 119.00 | OK | |
| r-oldrel-windows-x86_64 | 1.5.3 | 51.00 | 120.00 | 171.00 | OK |
Version: 1.5.3
Check: CRAN incoming feasibility
Result: NOTE
Maintainer: ‘Jakub Nowosad <nowosad.jakub@gmail.com>’
Package CITATION file contains call(s) to old-style citEntry(). Please
use bibentry() instead.
Flavors: r-devel-linux-x86_64-debian-clang, r-devel-linux-x86_64-debian-gcc