Last updated on 2023-03-21 19:57:06 CET.
Flavor | Version | Tinstall | Tcheck | Ttotal | Status | Flags |
---|---|---|---|---|---|---|
r-devel-linux-x86_64-debian-clang | 0.1.7 | 3.23 | 26.91 | 30.14 | NOTE | |
r-devel-linux-x86_64-debian-gcc | 0.1.7 | 2.57 | 21.01 | 23.58 | NOTE | |
r-devel-linux-x86_64-fedora-clang | 0.1.7 | 38.73 | NOTE | |||
r-devel-linux-x86_64-fedora-gcc | 0.1.7 | 36.88 | NOTE | |||
r-devel-windows-x86_64 | 0.1.7 | 5.00 | 59.00 | 64.00 | OK | |
r-patched-linux-x86_64 | 0.1.7 | 3.82 | 26.65 | 30.47 | NOTE | |
r-release-linux-x86_64 | 0.1.7 | 3.27 | 26.99 | 30.26 | NOTE | |
r-release-macos-arm64 | 0.1.7 | 16.00 | OK | |||
r-release-macos-x86_64 | 0.1.7 | 24.00 | OK | |||
r-release-windows-x86_64 | 0.1.7 | 15.00 | 56.00 | 71.00 | OK | |
r-oldrel-macos-arm64 | 0.1.7 | 21.00 | OK | |||
r-oldrel-macos-x86_64 | 0.1.7 | 27.00 | OK | |||
r-oldrel-windows-ix86+x86_64 | 0.1.7 | 7.00 | 56.00 | 63.00 | OK |
Version: 0.1.7
Check: for non-standard things in the check directory
Result: NOTE
Found the following files/directories:
‘alist.txt’ ‘rpkg’
Flavors: r-devel-linux-x86_64-debian-clang, r-devel-linux-x86_64-debian-gcc, r-devel-linux-x86_64-fedora-clang, r-devel-linux-x86_64-fedora-gcc, r-patched-linux-x86_64, r-release-linux-x86_64