Last updated on 2024-03-28 19:48:26 CET.
Flavor | Version | Tinstall | Tcheck | Ttotal | Status | Flags |
---|---|---|---|---|---|---|
r-devel-linux-x86_64-debian-clang | 1.3 | 3.74 | 29.10 | 32.84 | OK | |
r-devel-linux-x86_64-debian-gcc | 1.3 | 2.75 | 23.21 | 25.96 | OK | |
r-devel-linux-x86_64-fedora-clang | 1.3 | 41.00 | NOTE | |||
r-devel-linux-x86_64-fedora-gcc | 1.3 | 40.11 | NOTE | |||
r-devel-windows-x86_64 | 1.3 | 4.00 | 43.00 | 47.00 | OK | |
r-patched-linux-x86_64 | 1.3 | 3.36 | 28.75 | 32.11 | OK | |
r-release-linux-x86_64 | 1.3 | 3.35 | 27.71 | 31.06 | OK | |
r-release-macos-arm64 | 1.3 | 19.00 | OK | |||
r-release-macos-x86_64 | 1.3 | 23.00 | OK | |||
r-release-windows-x86_64 | 1.3 | 5.00 | 43.00 | 48.00 | OK | |
r-oldrel-macos-arm64 | 1.3 | 14.00 | OK | |||
r-oldrel-windows-x86_64 | 1.3 | 5.00 | 48.00 | 53.00 | OK |
Version: 1.3
Check: for detritus in the temp directory
Result: NOTE
Found the following files/directories:
‘pulse-PKdhtXMmr18n’
Flavor: r-devel-linux-x86_64-fedora-clang
Version: 1.3
Check: for detritus in the temp directory
Result: NOTE
Found the following files/directories:
‘pulse-CcctT9RwKSB1’ ‘pulse-PKdhtXMmr18n’
Flavor: r-devel-linux-x86_64-fedora-gcc