Last updated on 2023-10-04 20:42:22 CEST.
Flavor | Version | Tinstall | Tcheck | Ttotal | Status | Flags |
---|---|---|---|---|---|---|
r-devel-linux-x86_64-debian-clang | 1.1 | 2.64 | 36.69 | 39.33 | NOTE | |
r-devel-linux-x86_64-debian-gcc | 1.1 | 2.64 | 27.45 | 30.09 | NOTE | |
r-devel-linux-x86_64-fedora-clang | 1.1 | 49.50 | NOTE | |||
r-devel-linux-x86_64-fedora-gcc | 1.1 | 49.21 | NOTE | |||
r-devel-windows-x86_64 | 1.1 | 6.00 | 48.00 | 54.00 | OK | |
r-patched-linux-x86_64 | 1.1 | 3.60 | 35.27 | 38.87 | NOTE | |
r-release-linux-x86_64 | 1.1 | 3.67 | 35.37 | 39.04 | NOTE | |
r-release-macos-arm64 | 1.1 | 18.00 | OK | |||
r-release-macos-x86_64 | 1.1 | 28.00 | OK | |||
r-release-windows-x86_64 | 1.1 | 4.00 | 60.00 | 64.00 | OK | |
r-oldrel-macos-arm64 | 1.1 | 19.00 | OK | |||
r-oldrel-macos-x86_64 | 1.1 | 26.00 | OK | |||
r-oldrel-windows-x86_64 | 1.1 | 9.00 | 58.00 | 67.00 | OK |
Version: 1.1
Check: for non-standard things in the check directory
Result: NOTE
Found the following files/directories:
‘beast_plot_toy.pdf’
Flavors: r-devel-linux-x86_64-debian-clang, r-devel-linux-x86_64-debian-gcc, r-devel-linux-x86_64-fedora-clang, r-devel-linux-x86_64-fedora-gcc, r-patched-linux-x86_64, r-release-linux-x86_64