CRAN Package Check Results for Package beast

Last updated on 2022-09-28 21:51:32 CEST.

Flavor Version Tinstall Tcheck Ttotal Status Flags
r-devel-linux-x86_64-debian-clang 1.1 3.94 36.66 40.60 NOTE
r-devel-linux-x86_64-debian-gcc 1.1 2.83 27.84 30.67 NOTE
r-devel-linux-x86_64-fedora-clang 1.1 63.89 NOTE
r-devel-linux-x86_64-fedora-gcc 1.1 62.20 NOTE
r-devel-windows-x86_64 1.1 8.00 62.00 70.00 OK
r-patched-linux-x86_64 1.1 3.45 35.77 39.22 NOTE
r-release-linux-x86_64 1.1 2.71 35.53 38.24 NOTE
r-release-macos-arm64 1.1 22.00 OK
r-release-macos-x86_64 1.1 26.00 OK
r-release-windows-x86_64 1.1 9.00 58.00 67.00 OK
r-oldrel-macos-arm64 1.1 25.00 OK
r-oldrel-macos-x86_64 1.1 37.00 OK
r-oldrel-windows-ix86+x86_64 1.1 7.00 53.00 60.00 OK

Check Details

Version: 1.1
Check: for non-standard things in the check directory
Result: NOTE
    Found the following files/directories:
     'beast_plot_toy.pdf'
Flavors: r-devel-linux-x86_64-debian-clang, r-devel-linux-x86_64-debian-gcc, r-devel-linux-x86_64-fedora-clang, r-devel-linux-x86_64-fedora-gcc, r-patched-linux-x86_64, r-release-linux-x86_64