Last updated on 2025-11-19 20:49:47 CET.
| Flavor | Version | Tinstall | Tcheck | Ttotal | Status | Flags |
|---|---|---|---|---|---|---|
| r-devel-linux-x86_64-debian-clang | 1.0.4 | 2.14 | 24.40 | 26.54 | NOTE | |
| r-devel-linux-x86_64-debian-gcc | 1.0.4 | 1.67 | 20.55 | 22.22 | NOTE | |
| r-devel-linux-x86_64-fedora-clang | 1.0.4 | 40.85 | NOTE | |||
| r-devel-linux-x86_64-fedora-gcc | 1.0.4 | 39.67 | NOTE | |||
| r-devel-windows-x86_64 | 1.0.4 | 4.00 | 45.00 | 49.00 | OK | |
| r-patched-linux-x86_64 | 1.0.4 | 2.17 | 24.03 | 26.20 | NOTE | |
| r-release-linux-x86_64 | 1.0.4 | 2.30 | 23.53 | 25.83 | NOTE | |
| r-release-macos-arm64 | 1.0.4 | OK | ||||
| r-release-macos-x86_64 | 1.0.4 | 2.00 | 26.00 | 28.00 | OK | |
| r-release-windows-x86_64 | 1.0.4 | 3.00 | 51.00 | 54.00 | OK | |
| r-oldrel-macos-arm64 | 1.0.4 | NOTE | ||||
| r-oldrel-macos-x86_64 | 1.0.4 | 3.00 | 33.00 | 36.00 | NOTE | |
| r-oldrel-windows-x86_64 | 1.0.4 | 5.00 | 49.00 | 54.00 | NOTE |
Version: 1.0.4
Check: for non-standard things in the check directory
Result: NOTE
Found the following files/directories:
‘dump.txt’
Flavors: r-devel-linux-x86_64-debian-clang, r-devel-linux-x86_64-debian-gcc, r-devel-linux-x86_64-fedora-clang, r-devel-linux-x86_64-fedora-gcc, r-patched-linux-x86_64, r-release-linux-x86_64
Version: 1.0.4
Check: LazyData
Result: NOTE
'LazyData' is specified without a 'data' directory
Flavors: r-oldrel-macos-arm64, r-oldrel-macos-x86_64, r-oldrel-windows-x86_64