Last updated on 2025-11-22 19:50:23 CET.
| Flavor | Version | Tinstall | Tcheck | Ttotal | Status | Flags |
|---|---|---|---|---|---|---|
| r-devel-linux-x86_64-debian-clang | 1.1.0 | 8.26 | 166.87 | 175.13 | NOTE | |
| r-devel-linux-x86_64-debian-gcc | 1.1.0 | 7.02 | 114.02 | 121.04 | NOTE | |
| r-devel-linux-x86_64-fedora-clang | 1.1.0 | 20.00 | 247.95 | 267.95 | NOTE | |
| r-devel-windows-x86_64 | 1.1.0 | 15.00 | 422.00 | 437.00 | NOTE | |
| r-patched-linux-x86_64 | 1.1.0 | 9.10 | 156.03 | 165.13 | NOTE | |
| r-release-linux-x86_64 | 1.1.0 | 8.94 | 155.08 | 164.02 | NOTE | |
| r-release-macos-arm64 | 1.1.0 | NOTE | ||||
| r-release-macos-x86_64 | 1.1.0 | 8.00 | 425.00 | 433.00 | NOTE | |
| r-release-windows-x86_64 | 1.1.0 | 13.00 | 426.00 | 439.00 | NOTE | |
| r-oldrel-macos-arm64 | 1.1.0 | NOTE | ||||
| r-oldrel-macos-x86_64 | 1.1.0 | 7.00 | 360.00 | 367.00 | NOTE | |
| r-oldrel-windows-x86_64 | 1.1.0 | 17.00 | 591.00 | 608.00 | NOTE |
Version: 1.1.0
Check: CRAN incoming feasibility
Result: NOTE
Maintainer: ‘Solvi Rognvaldsson <solviro@gmail.com>’
The Description field contains
described in Hrafnkelsson et al. (2020) <arXiv:2010.04769>.
Please refer to arXiv e-prints via their arXiv DOI <doi:10.48550/arXiv.YYMM.NNNNN>.
Flavors: r-devel-linux-x86_64-debian-clang, r-devel-linux-x86_64-debian-gcc
Version: 1.1.0
Check: Rd files
Result: NOTE
checkRd: (-1) autoplot.plm0.Rd:61: Lost braces in \itemize; meant \describe ?
checkRd: (-1) autoplot.plm0.Rd:62: Lost braces in \itemize; meant \describe ?
checkRd: (-1) autoplot.plm0.Rd:63: Lost braces in \itemize; meant \describe ?
checkRd: (-1) autoplot.plm0.Rd:64: Lost braces in \itemize; meant \describe ?
checkRd: (-1) autoplot.plm0.Rd:65: Lost braces in \itemize; meant \describe ?
checkRd: (-1) autoplot.plm0.Rd:66: Lost braces in \itemize; meant \describe ?
checkRd: (-1) autoplot.plm0.Rd:67: Lost braces in \itemize; meant \describe ?
checkRd: (-1) autoplot.plm0.Rd:68: Lost braces in \itemize; meant \describe ?
checkRd: (-1) autoplot.tournament.Rd:16: Lost braces in \itemize; meant \describe ?
checkRd: (-1) get_report.Rd:31: Lost braces in \itemize; meant \describe ?
checkRd: (-1) get_report.Rd:32: Lost braces in \itemize; meant \describe ?
checkRd: (-1) get_report_pages.Rd:29: Lost braces in \itemize; meant \describe ?
checkRd: (-1) get_report_pages.Rd:30: Lost braces in \itemize; meant \describe ?
checkRd: (-1) plot.plm0.Rd:61: Lost braces in \itemize; meant \describe ?
checkRd: (-1) plot.plm0.Rd:62: Lost braces in \itemize; meant \describe ?
checkRd: (-1) plot.plm0.Rd:63: Lost braces in \itemize; meant \describe ?
checkRd: (-1) plot.plm0.Rd:64: Lost braces in \itemize; meant \describe ?
checkRd: (-1) plot.plm0.Rd:65: Lost braces in \itemize; meant \describe ?
checkRd: (-1) plot.plm0.Rd:66: Lost braces in \itemize; meant \describe ?
checkRd: (-1) plot.plm0.Rd:67: Lost braces in \itemize; meant \describe ?
checkRd: (-1) plot.plm0.Rd:68: Lost braces in \itemize; meant \describe ?
checkRd: (-1) plot.plm0.Rd:69: Lost braces in \itemize; meant \describe ?
checkRd: (-1) plot.tournament.Rd:16: Lost braces in \itemize; meant \describe ?
checkRd: (-1) plot.tournament.Rd:17: Lost braces in \itemize; meant \describe ?
checkRd: (-1) plot.tournament.Rd:18: Lost braces in \itemize; meant \describe ?
checkRd: (-1) plot.tournament.Rd:19: Lost braces in \itemize; meant \describe ?
checkRd: (-1) plot.tournament.Rd:20: Lost braces in \itemize; meant \describe ?
checkRd: (-1) plot.tournament.Rd:21: Lost braces in \itemize; meant \describe ?
checkRd: (-1) plot.tournament.Rd:22: Lost braces in \itemize; meant \describe ?
checkRd: (-1) plot_fun.Rd:23: Lost braces in \itemize; meant \describe ?
checkRd: (-1) plot_fun.Rd:24: Lost braces in \itemize; meant \describe ?
checkRd: (-1) plot_fun.Rd:25: Lost braces in \itemize; meant \describe ?
checkRd: (-1) plot_fun.Rd:26: Lost braces in \itemize; meant \describe ?
checkRd: (-1) plot_fun.Rd:27: Lost braces in \itemize; meant \describe ?
checkRd: (-1) plot_fun.Rd:28: Lost braces in \itemize; meant \describe ?
checkRd: (-1) plot_fun.Rd:29: Lost braces in \itemize; meant \describe ?
checkRd: (-1) plot_fun.Rd:30: Lost braces in \itemize; meant \describe ?
checkRd: (-1) plot_fun.Rd:31: Lost braces in \itemize; meant \describe ?
Flavors: r-devel-linux-x86_64-debian-clang, r-devel-linux-x86_64-debian-gcc, r-devel-linux-x86_64-fedora-clang, r-devel-windows-x86_64, r-patched-linux-x86_64, r-release-linux-x86_64, r-release-macos-arm64, r-release-macos-x86_64, r-release-windows-x86_64, r-oldrel-macos-arm64, r-oldrel-macos-x86_64, r-oldrel-windows-x86_64